{"id":371,"date":"2025-08-19T02:29:55","date_gmt":"2025-08-19T02:29:55","guid":{"rendered":"https:\/\/xtech-eng.com\/?page_id=371"},"modified":"2026-02-09T10:19:59","modified_gmt":"2026-02-09T10:19:59","slug":"contact","status":"publish","type":"page","link":"https:\/\/xtech-eng.com\/?page_id=371","title":{"rendered":"Contact"},"content":{"rendered":"\r\n\t<section class=\"section\" id=\"section_1719477976\">\r\n\t\t<div class=\"section-bg fill\" >\r\n\t\t\t\t\t\t\t\t\t\r\n\t\t\t\r\n\r\n\t\t<\/div>\r\n\r\n\t\t\r\n\r\n\t\t<div class=\"section-content relative\">\r\n\t\t\t\n<div class=\"row\"  id=\"row-947008400\">\n\r\n\t<div id=\"col-1665199310\" class=\"col medium-9 small-12 large-9\"  >\r\n\t\t\t\t<div class=\"col-inner\"  >\r\n\t\t\t\r\n\t\t\t\n<div class=\"container section-title-container mb-0\" ><h2 class=\"section-title section-title-normal\"><b><\/b><span class=\"section-title-main\" style=\"color:rgb(254, 87, 34);\">C\u00d4NG TY TNHH K\u1ef8 THU\u1eacT XTECH<\/span><b><\/b><\/h2><\/div>\n<div class=\"container section-title-container mb-0\" ><h4 class=\"section-title section-title-normal\"><b><\/b><span class=\"section-title-main\" style=\"color:rgb(93, 181, 9);\">V\u0102N PH\u00d2NG Th\u00e0nh ph\u1ed1 ch\u00ed minh<\/span><b><\/b><\/h4><\/div>\n\t<div id=\"text-921842391\" class=\"text pt-0 mt-0 custom-text-contact\">\r\n\t\t\n<ul>\n<li><i class=\"fas fa-house\"><\/i> 402\/8 \u0110\u01b0\u1eddng B\u00f9i Th\u1ecb Xu\u00e2n, Ph\u01b0\u1eddng T\u00e2n \u0110\u00f4ng Hi\u1ec7p, Th\u00e0nh Ph\u1ed1 H\u1ed3 Ch\u00ed Minh, Vi\u1ec7t Nam<\/li>\n<li><i class=\"fas fa-phone\"><\/i> <a class=\"text-is-phone-number\" data-z-element-type=\"phone-number\">098 9875 048<\/a><\/li>\n<li><i class=\"fas fa-envelope\"><\/i> sales@xtech-eng.com<\/li>\n<li><i class=\"fas fa-globe\"><\/i> Xtech-eng.com<\/li>\n<\/ul>\n\t\t\t<\/div>\r\n\t\n<p>C\u1ea3m \u01a1n qu\u00fd v\u1ecb \u0111\u00e3 v\u00e0o th\u0103m Website c\u1ee7a ch\u00fang t\u00f4i! N\u1ebfu Qu\u00fd v\u1ecb c\u00f3 y\u00eau c\u1ea7u hay \u00fd ki\u1ebfn \u0111\u00f3ng g\u00f3p n\u00e0o, xin h\u00e3y s\u1eed d\u1ee5ng m\u1eabu d\u01b0\u1edbi \u0111\u00e2y. Ch\u00fang t\u00f4i s\u1ebd tr\u1ea3 l\u1eddi nh\u1eefng y\u00eau c\u1ea7u c\u1ee7a Qu\u00fd v\u1ecb trong th\u1eddi gian s\u1edbm nh\u1ea5t.<\/p>\n<div class=\"container section-title-container mb-0\" ><h4 class=\"section-title section-title-normal\"><b><\/b><span class=\"section-title-main\" style=\"color:rgb(93, 181, 9);\">TH\u00f4ng tin kh\u00e1ch h\u00e0ng<\/span><b><\/b><\/h4><\/div>\n\n<div class=\"wpcf7 no-js\" id=\"wpcf7-f266-o1\" lang=\"vi\" dir=\"ltr\" data-wpcf7-id=\"266\">\n<div class=\"screen-reader-response\"><p role=\"status\" aria-live=\"polite\" aria-atomic=\"true\"><\/p> <ul><\/ul><\/div>\n<form action=\"\/index.php?rest_route=%2Fwp%2Fv2%2Fpages%2F371#wpcf7-f266-o1\" method=\"post\" class=\"wpcf7-form init\" aria-label=\"Form li\u00ean h\u1ec7\" novalidate=\"novalidate\" data-status=\"init\">\n<fieldset class=\"hidden-fields-container\"><input type=\"hidden\" name=\"_wpcf7\" value=\"266\" \/><input type=\"hidden\" name=\"_wpcf7_version\" value=\"6.1.5\" \/><input type=\"hidden\" name=\"_wpcf7_locale\" value=\"vi\" \/><input type=\"hidden\" name=\"_wpcf7_unit_tag\" value=\"wpcf7-f266-o1\" \/><input type=\"hidden\" name=\"_wpcf7_container_post\" value=\"0\" \/><input type=\"hidden\" name=\"_wpcf7_posted_data_hash\" value=\"\" \/>\n<\/fieldset>\n<p><span class=\"wpcf7-form-control-wrap\" data-name=\"your-name\"><input size=\"40\" maxlength=\"400\" class=\"wpcf7-form-control wpcf7-text wpcf7-validates-as-required\" aria-required=\"true\" aria-invalid=\"false\" placeholder=\"H\u1ecd t\u00ean c\u1ee7a b\u1ea1n...\" value=\"\" type=\"text\" name=\"your-name\" \/><\/span><br \/>\n<span class=\"wpcf7-form-control-wrap\" data-name=\"your-phone\"><input size=\"40\" maxlength=\"400\" class=\"wpcf7-form-control wpcf7-tel wpcf7-validates-as-required wpcf7-text wpcf7-validates-as-tel\" aria-required=\"true\" aria-invalid=\"false\" placeholder=\"S\u1ed1 \u0111i\u1ec7n tho\u1ea1i\" value=\"\" type=\"tel\" name=\"your-phone\" \/><\/span><br \/>\n<span class=\"wpcf7-form-control-wrap\" data-name=\"your-email\"><input size=\"40\" maxlength=\"400\" class=\"wpcf7-form-control wpcf7-email wpcf7-text wpcf7-validates-as-email\" aria-invalid=\"false\" placeholder=\"\u0110\u1ecba ch\u1ec9 email...\" value=\"\" type=\"email\" name=\"your-email\" \/><\/span><br \/>\n<span class=\"wpcf7-form-control-wrap\" data-name=\"your-message\"><textarea cols=\"40\" rows=\"10\" maxlength=\"2000\" class=\"wpcf7-form-control wpcf7-textarea\" aria-invalid=\"false\" placeholder=\"Ghi ch\u00fa...\" name=\"your-message\"><\/textarea><\/span><br \/>\n<input class=\"wpcf7-form-control wpcf7-submit has-spinner\" type=\"submit\" value=\"G\u1eedi li\u00ean h\u1ec7\" \/>\n<\/p><div class=\"wpcf7-response-output\" aria-hidden=\"true\"><\/div>\n<\/form>\n<\/div>\n\n\t\t<\/div>\r\n\t\t\t\t\t<\/div>\r\n\r\n\t\n\r\n\t<div id=\"col-731928755\" class=\"col medium-3 small-12 large-3\"  >\r\n\t\t<div class=\"is-sticky-column\"><div class=\"is-sticky-column__inner\">\t\t<div class=\"col-inner\"  >\r\n\t\t\t\r\n\t\t\t\n<ul class=\"sidebar-wrapper ul-reset\"><aside id=\"woocommerce_product_categories-3\" class=\"widget woocommerce widget_product_categories\"><span class=\"widget-title \"><span>Danh m\u1ee5c s\u1ea3n ph\u1ea9m<\/span><\/span><div class=\"is-divider small\"><\/div><ul class=\"product-categories\"><li class=\"cat-item cat-item-379\"><a href=\"https:\/\/xtech-eng.com\/?product_cat=boogong-industrial\">Boogong Industrial<\/a><\/li>\n<li class=\"cat-item cat-item-381\"><a href=\"https:\/\/xtech-eng.com\/?product_cat=boogong-industrial-en&lang=en\">Boogong Industrial<\/a><\/li>\n<li class=\"cat-item cat-item-231 cat-parent\"><a href=\"https:\/\/xtech-eng.com\/?product_cat=electric-actuator-limitorque-en&lang=en\">Electric actuator (Limitorque)<\/a><ul class='children'>\n<li class=\"cat-item cat-item-218\"><a href=\"https:\/\/xtech-eng.com\/?product_cat=multi-turn-type-en&lang=en\">Multi-turn type<\/a><\/li>\n<\/ul>\n<\/li>\n<li class=\"cat-item cat-item-94\"><a href=\"https:\/\/xtech-eng.com\/?product_cat=fastenic-maker&lang=en\">Fastenic Maker<\/a><\/li>\n<li class=\"cat-item cat-item-38\"><a href=\"https:\/\/xtech-eng.com\/?product_cat=fastenic-maker-vi\">Fastenic Maker<\/a><\/li>\n<li class=\"cat-item cat-item-374\"><a href=\"https:\/\/xtech-eng.com\/?product_cat=plant-maintenance-corporation\">Kyushu Hasec Coupling<\/a><\/li>\n<li class=\"cat-item cat-item-376\"><a href=\"https:\/\/xtech-eng.com\/?product_cat=plant-maintenance-corporation-en&lang=en\">Kyushu Hasec Coupling<\/a><\/li>\n<li class=\"cat-item cat-item-349\"><a href=\"https:\/\/xtech-eng.com\/?product_cat=najico-universal-joint\">Najico Universal Joint<\/a><\/li>\n<li class=\"cat-item cat-item-351\"><a href=\"https:\/\/xtech-eng.com\/?product_cat=najico-universal-joint-en&lang=en\">Najico Universal Joint<\/a><\/li>\n<li class=\"cat-item cat-item-21 cat-parent\"><a href=\"https:\/\/xtech-eng.com\/?product_cat=nippon-gear-maker-vi\">Nippon Gear Maker<\/a><ul class='children'>\n<li class=\"cat-item cat-item-58\"><a href=\"https:\/\/xtech-eng.com\/?product_cat=ball-screw-vi\">Ball Screw<\/a><\/li>\n<li class=\"cat-item cat-item-182\"><a href=\"https:\/\/xtech-eng.com\/?product_cat=jack-system\">Jack System<\/a><\/li>\n<li class=\"cat-item cat-item-39 cat-parent\"><a href=\"https:\/\/xtech-eng.com\/?product_cat=screw-jack-vi\">Screw Jack<\/a>\t<ul class='children'>\n<li class=\"cat-item cat-item-177\"><a href=\"https:\/\/xtech-eng.com\/?product_cat=bevel-gear-type-jack\">Bevel Gear Type Jack<\/a><\/li>\n<li class=\"cat-item cat-item-265 cat-parent\"><a href=\"https:\/\/xtech-eng.com\/?product_cat=screw-jack-vi-screw-jack-vi\">Screw Jack<\/a>\t\t<ul class='children'>\n<li class=\"cat-item cat-item-276\"><a href=\"https:\/\/xtech-eng.com\/?product_cat=ball-screw-jack\">Ball Screw Jack<\/a><\/li>\n<li class=\"cat-item cat-item-284\"><a href=\"https:\/\/xtech-eng.com\/?product_cat=other-jacks\">Other Jacks<\/a><\/li>\n<li class=\"cat-item cat-item-267\"><a href=\"https:\/\/xtech-eng.com\/?product_cat=trapezoidal-screw-type-vi-screw-jack-vi-screw-jack-vi\">Trapezoidal Screw Type<\/a><\/li>\n\t\t<\/ul>\n<\/li>\n<li class=\"cat-item cat-item-172\"><a href=\"https:\/\/xtech-eng.com\/?product_cat=smooth-screw-jack\">Smooth Screw Jack<\/a><\/li>\n<li class=\"cat-item cat-item-162\"><a href=\"https:\/\/xtech-eng.com\/?product_cat=smoothy-screw\">Smoothy Screw<\/a><\/li>\n<li class=\"cat-item cat-item-40\"><a href=\"https:\/\/xtech-eng.com\/?product_cat=trapezoidal-screw-type-vi\">Trapezoidal Screw Type<\/a><\/li>\n\t<\/ul>\n<\/li>\n<li class=\"cat-item cat-item-189 cat-parent\"><a href=\"https:\/\/xtech-eng.com\/?product_cat=valve-actuator\">Valve Actuator<\/a>\t<ul class='children'>\n<li class=\"cat-item cat-item-229 cat-parent\"><a href=\"https:\/\/xtech-eng.com\/?product_cat=electric-actuator-limitorque\">Electric actuator (Limitorque)<\/a>\t\t<ul class='children'>\n<li class=\"cat-item cat-item-220\"><a href=\"https:\/\/xtech-eng.com\/?product_cat=multi-turn-type-vi-vi-vi\">Multi-turn type<\/a><\/li>\n\t\t<\/ul>\n<\/li>\n<li class=\"cat-item cat-item-223 cat-parent\"><a href=\"https:\/\/xtech-eng.com\/?product_cat=electric-actuator-nippon-gear-vi\">Electric actuator (Nippon Gear)<\/a>\t\t<ul class='children'>\n<li class=\"cat-item cat-item-211\"><a href=\"https:\/\/xtech-eng.com\/?product_cat=communication-and-control-vi-vi\">Communication and control<\/a><\/li>\n<li class=\"cat-item cat-item-198\"><a href=\"https:\/\/xtech-eng.com\/?product_cat=special-motor-option-vi\">Special motor (Option)<\/a><\/li>\n\t\t<\/ul>\n<\/li>\n<li class=\"cat-item cat-item-249 cat-parent\"><a href=\"https:\/\/xtech-eng.com\/?product_cat=manual-actuator-limitorque-vi\">Manual actuator (Limitorque)<\/a>\t\t<ul class='children'>\n<li class=\"cat-item cat-item-251\"><a href=\"https:\/\/xtech-eng.com\/?product_cat=multi-turn-type-vi\">Multi-turn type<\/a><\/li>\n<li class=\"cat-item cat-item-255\"><a href=\"https:\/\/xtech-eng.com\/?product_cat=part-turn-type\">Part-turn type<\/a><\/li>\n\t\t<\/ul>\n<\/li>\n<li class=\"cat-item cat-item-233 cat-parent\"><a href=\"https:\/\/xtech-eng.com\/?product_cat=manual-actuator-nippon-gear\">Manual actuator (Nippon Gear)<\/a>\t\t<ul class='children'>\n<li class=\"cat-item cat-item-235 cat-parent\"><a href=\"https:\/\/xtech-eng.com\/?product_cat=manual-actuator-nippon-gear-en&lang=en\">Manual actuator (Nippon Gear)<\/a>\t\t\t<ul class='children'>\n<li class=\"cat-item cat-item-239\"><a href=\"https:\/\/xtech-eng.com\/?product_cat=multi-turn-type-en-manual-actuator-nippon-gear-en&lang=en\">Multi-turn type<\/a><\/li>\n<li class=\"cat-item cat-item-214\"><a href=\"https:\/\/xtech-eng.com\/?product_cat=part-turn-type-en-en&lang=en\">Part-turn type<\/a><\/li>\n\t\t\t<\/ul>\n<\/li>\n<li class=\"cat-item cat-item-237\"><a href=\"https:\/\/xtech-eng.com\/?product_cat=multi-turn-type\">Multi-turn type<\/a><\/li>\n<li class=\"cat-item cat-item-227\"><a href=\"https:\/\/xtech-eng.com\/?product_cat=part-turn-type-vi-vi\">Part-turn type<\/a><\/li>\n\t\t<\/ul>\n<\/li>\n<li class=\"cat-item cat-item-259\"><a href=\"https:\/\/xtech-eng.com\/?product_cat=option\">Option<\/a><\/li>\n<li class=\"cat-item cat-item-191\"><a href=\"https:\/\/xtech-eng.com\/?product_cat=series\">Series<\/a><\/li>\n\t<\/ul>\n<\/li>\n<\/ul>\n<\/li>\n<li class=\"cat-item cat-item-97 cat-parent\"><a href=\"https:\/\/xtech-eng.com\/?product_cat=nippon-gear-maker&lang=en\">Nippon Gear Maker<\/a><ul class='children'>\n<li class=\"cat-item cat-item-106\"><a href=\"https:\/\/xtech-eng.com\/?product_cat=ball-screw&lang=en\">Ball Screw<\/a><\/li>\n<li class=\"cat-item cat-item-184\"><a href=\"https:\/\/xtech-eng.com\/?product_cat=jack-system-en&lang=en\">Jack System<\/a><\/li>\n<li class=\"cat-item cat-item-103 cat-parent\"><a href=\"https:\/\/xtech-eng.com\/?product_cat=screw-jack&lang=en\">Screw Jack<\/a>\t<ul class='children'>\n<li class=\"cat-item cat-item-179\"><a href=\"https:\/\/xtech-eng.com\/?product_cat=bevel-gear-type-jack-en&lang=en\">Bevel Gear Type Jack<\/a><\/li>\n<li class=\"cat-item cat-item-270 cat-parent\"><a href=\"https:\/\/xtech-eng.com\/?product_cat=screw-jack-en&lang=en\">Screw Jack<\/a>\t\t<ul class='children'>\n<li class=\"cat-item cat-item-278\"><a href=\"https:\/\/xtech-eng.com\/?product_cat=ball-screw-jack-en&lang=en\">Ball Screw Jack<\/a><\/li>\n<li class=\"cat-item cat-item-287\"><a href=\"https:\/\/xtech-eng.com\/?product_cat=other-jacks-en&lang=en\">Other Jacks<\/a><\/li>\n<li class=\"cat-item cat-item-272\"><a href=\"https:\/\/xtech-eng.com\/?product_cat=trapezoidal-screw-type-en&lang=en\">Trapezoidal Screw Type<\/a><\/li>\n\t\t<\/ul>\n<\/li>\n<li class=\"cat-item cat-item-174\"><a href=\"https:\/\/xtech-eng.com\/?product_cat=smooth-screw-jack-en&lang=en\">Smooth Screw Jack<\/a><\/li>\n<li class=\"cat-item cat-item-109\"><a href=\"https:\/\/xtech-eng.com\/?product_cat=trapezoidal-screw-type&lang=en\">Trapezoidal Screw Type<\/a><\/li>\n\t<\/ul>\n<\/li>\n<li class=\"cat-item cat-item-187 cat-parent\"><a href=\"https:\/\/xtech-eng.com\/?product_cat=valve-actutor&lang=en\">Valve Actutor<\/a>\t<ul class='children'>\n<li class=\"cat-item cat-item-225 cat-parent\"><a href=\"https:\/\/xtech-eng.com\/?product_cat=electric-actuator-nippon-gear-en-en&lang=en\">Electric actuator (Nippon Gear)<\/a>\t\t<ul class='children'>\n<li class=\"cat-item cat-item-209\"><a href=\"https:\/\/xtech-eng.com\/?product_cat=communication-and-control-en&lang=en\">Communication and control<\/a><\/li>\n<li class=\"cat-item cat-item-201\"><a href=\"https:\/\/xtech-eng.com\/?product_cat=special-motor-option-en-en&lang=en\">Special motor (Option)<\/a><\/li>\n\t\t<\/ul>\n<\/li>\n<li class=\"cat-item cat-item-193\"><a href=\"https:\/\/xtech-eng.com\/?product_cat=lsb-series&lang=en\">LSB Series<\/a><\/li>\n<li class=\"cat-item cat-item-245 cat-parent\"><a href=\"https:\/\/xtech-eng.com\/?product_cat=manual-actuator-limitorque&lang=en\">Manual actuator (Limitorque)<\/a>\t\t<ul class='children'>\n<li class=\"cat-item cat-item-247\"><a href=\"https:\/\/xtech-eng.com\/?product_cat=multi-turn-type-en-manual-actuator-limitorque&lang=en\">Multi-turn type<\/a><\/li>\n\t\t<\/ul>\n<\/li>\n<li class=\"cat-item cat-item-261\"><a href=\"https:\/\/xtech-eng.com\/?product_cat=option-en&lang=en\">Option<\/a><\/li>\n\t<\/ul>\n<\/li>\n<\/ul>\n<\/li>\n<li class=\"cat-item cat-item-292 cat-parent\"><a href=\"https:\/\/xtech-eng.com\/?product_cat=showa-kikai\">Showa Kikai<\/a><ul class='children'>\n<li class=\"cat-item cat-item-297\"><a href=\"https:\/\/xtech-eng.com\/?product_cat=bang-tai\">B\u0103ng T\u1ea3i<\/a><\/li>\n<li class=\"cat-item cat-item-301\"><a href=\"https:\/\/xtech-eng.com\/?product_cat=day-xich-bang-tai-vi\">D\u00e2y X\u00edch B\u0103ng T\u1ea3i<\/a><\/li>\n<li class=\"cat-item cat-item-328\"><a href=\"https:\/\/xtech-eng.com\/?product_cat=day-xich-cau\">D\u00e2y x\u00edch c\u1ea9u<\/a><\/li>\n<li class=\"cat-item cat-item-334\"><a href=\"https:\/\/xtech-eng.com\/?product_cat=day-xich-chong-ri\">D\u00e2y x\u00edch ch\u1ed1ng r\u1ec9<\/a><\/li>\n<li class=\"cat-item cat-item-321\"><a href=\"https:\/\/xtech-eng.com\/?product_cat=day-xich-nang\">D\u00e2y x\u00edch n\u00e2ng<\/a><\/li>\n<li class=\"cat-item cat-item-315\"><a href=\"https:\/\/xtech-eng.com\/?product_cat=phu-kien-cho-bang-tai\">Ph\u1ee5 Ki\u1ec7n Cho B\u0103ng T\u1ea3i<\/a><\/li>\n<\/ul>\n<\/li>\n<li class=\"cat-item cat-item-294 cat-parent\"><a href=\"https:\/\/xtech-eng.com\/?product_cat=showa-kikai-en&lang=en\">Showa Kikai<\/a><ul class='children'>\n<li class=\"cat-item cat-item-299\"><a href=\"https:\/\/xtech-eng.com\/?product_cat=conveyor&lang=en\">Conveyor<\/a><\/li>\n<li class=\"cat-item cat-item-317\"><a href=\"https:\/\/xtech-eng.com\/?product_cat=conveyor-accessories&lang=en\">Conveyor Accessories<\/a><\/li>\n<li class=\"cat-item cat-item-303\"><a href=\"https:\/\/xtech-eng.com\/?product_cat=conveyor-chain&lang=en\">Conveyor Chain<\/a><\/li>\n<li class=\"cat-item cat-item-336\"><a href=\"https:\/\/xtech-eng.com\/?product_cat=corrosion-resistant-chain&lang=en\">Corrosion-resistant chain<\/a><\/li>\n<li class=\"cat-item cat-item-330\"><a href=\"https:\/\/xtech-eng.com\/?product_cat=lifting-chain&lang=en\">Lifting Chain<\/a><\/li>\n<li class=\"cat-item cat-item-323\"><a href=\"https:\/\/xtech-eng.com\/?product_cat=day-xich-nang-en&lang=en\">Lifting Conveyor Chain<\/a><\/li>\n<\/ul>\n<\/li>\n<li class=\"cat-item cat-item-100\"><a href=\"https:\/\/xtech-eng.com\/?product_cat=skf-maker&lang=en\">SKF Maker<\/a><\/li>\n<li class=\"cat-item cat-item-37\"><a href=\"https:\/\/xtech-eng.com\/?product_cat=skf-maker-vi\">SKF Maker<\/a><\/li>\n<\/ul><\/aside>\t\t<aside id=\"flatsome_recent_posts-2\" class=\"widget flatsome_recent_posts\">\t\t<span class=\"widget-title \"><span>B\u00e0i vi\u1ebft m\u1edbi<\/span><\/span><div class=\"is-divider small\"><\/div>\t\t<ul>\t\t\r\n\t\t\r\n\t\t<li class=\"recent-blog-posts-li\">\r\n\t\t\t<div class=\"flex-row recent-blog-posts align-top pt-half pb-half\">\r\n\t\t\t\t<div class=\"flex-col mr-half\">\r\n\t\t\t\t\t<div class=\"badge post-date  badge-outline\">\r\n\t\t\t\t\t\t\t<div class=\"badge-inner bg-fill\" style=\"background: url(https:\/\/xtech-eng.com\/wp-content\/uploads\/2025\/11\/Gemini_Generated_Image_4ck75v4ck75v4ck7-150x150.png); border:0;\">\r\n                                \t\t\t\t\t\t\t<\/div>\r\n\t\t\t\t\t<\/div>\r\n\t\t\t\t<\/div>\r\n\t\t\t\t<div class=\"flex-col flex-grow\">\r\n\t\t\t\t\t  <a href=\"https:\/\/xtech-eng.com\/?p=816&#038;lang=en\" title=\"Japanese Technical &#038; Mechanical Interpretation Services\">Japanese Technical &#038; Mechanical Interpretation Services<\/a>\r\n\t\t\t\t   \t  <span class=\"post_comments op-7 block is-xsmall\"><a href=\"https:\/\/xtech-eng.com\/?p=816&#038;lang=en#respond\"><\/a><\/span>\r\n\t\t\t\t<\/div>\r\n\t\t\t<\/div>\r\n\t\t<\/li>\r\n\t\t\r\n\t\t\r\n\t\t<li class=\"recent-blog-posts-li\">\r\n\t\t\t<div class=\"flex-row recent-blog-posts align-top pt-half pb-half\">\r\n\t\t\t\t<div class=\"flex-col mr-half\">\r\n\t\t\t\t\t<div class=\"badge post-date  badge-outline\">\r\n\t\t\t\t\t\t\t<div class=\"badge-inner bg-fill\" style=\"background: url(https:\/\/xtech-eng.com\/wp-content\/uploads\/2025\/11\/Gemini_Generated_Image_4ck75v4ck75v4ck7-150x150.png); border:0;\">\r\n                                \t\t\t\t\t\t\t<\/div>\r\n\t\t\t\t\t<\/div>\r\n\t\t\t\t<\/div>\r\n\t\t\t\t<div class=\"flex-col flex-grow\">\r\n\t\t\t\t\t  <a href=\"https:\/\/xtech-eng.com\/?p=809\" title=\"D\u1ecbch V\u1ee5 Th\u00f4ng D\u1ecbch Ti\u1ebfng Nh\u1eadt Chuy\u00ean Ng\u00e0nh K\u1ef9 Thu\u1eadt &#038; C\u01a1 Kh\u00ed\">D\u1ecbch V\u1ee5 Th\u00f4ng D\u1ecbch Ti\u1ebfng Nh\u1eadt Chuy\u00ean Ng\u00e0nh K\u1ef9 Thu\u1eadt &#038; C\u01a1 Kh\u00ed<\/a>\r\n\t\t\t\t   \t  <span class=\"post_comments op-7 block is-xsmall\"><a href=\"https:\/\/xtech-eng.com\/?p=809#respond\"><\/a><\/span>\r\n\t\t\t\t<\/div>\r\n\t\t\t<\/div>\r\n\t\t<\/li>\r\n\t\t\r\n\t\t\r\n\t\t<li class=\"recent-blog-posts-li\">\r\n\t\t\t<div class=\"flex-row recent-blog-posts align-top pt-half pb-half\">\r\n\t\t\t\t<div class=\"flex-col mr-half\">\r\n\t\t\t\t\t<div class=\"badge post-date  badge-outline\">\r\n\t\t\t\t\t\t\t<div class=\"badge-inner bg-fill\" style=\"background: url(https:\/\/xtech-eng.com\/wp-content\/uploads\/2025\/11\/\u65e5\u672c\u30ae\u30a2logo--150x150.jpg); border:0;\">\r\n                                \t\t\t\t\t\t\t<\/div>\r\n\t\t\t\t\t<\/div>\r\n\t\t\t\t<\/div>\r\n\t\t\t\t<div class=\"flex-col flex-grow\">\r\n\t\t\t\t\t  <a href=\"https:\/\/xtech-eng.com\/?p=807&#038;lang=en\" title=\"Nippon Gear \u2013 Xtech: Japanese Mechanical &#038; Automation Solutions in Vietnam\">Nippon Gear \u2013 Xtech: Japanese Mechanical &#038; Automation Solutions in Vietnam<\/a>\r\n\t\t\t\t   \t  <span class=\"post_comments op-7 block is-xsmall\"><a href=\"https:\/\/xtech-eng.com\/?p=807&#038;lang=en#respond\"><\/a><\/span>\r\n\t\t\t\t<\/div>\r\n\t\t\t<\/div>\r\n\t\t<\/li>\r\n\t\t\r\n\t\t\r\n\t\t<li class=\"recent-blog-posts-li\">\r\n\t\t\t<div class=\"flex-row recent-blog-posts align-top pt-half pb-half\">\r\n\t\t\t\t<div class=\"flex-col mr-half\">\r\n\t\t\t\t\t<div class=\"badge post-date  badge-outline\">\r\n\t\t\t\t\t\t\t<div class=\"badge-inner bg-fill\" style=\"background: url(https:\/\/xtech-eng.com\/wp-content\/uploads\/2025\/11\/\u65e5\u672c\u30ae\u30a2logo--150x150.jpg); border:0;\">\r\n                                \t\t\t\t\t\t\t<\/div>\r\n\t\t\t\t\t<\/div>\r\n\t\t\t\t<\/div>\r\n\t\t\t\t<div class=\"flex-col flex-grow\">\r\n\t\t\t\t\t  <a href=\"https:\/\/xtech-eng.com\/?p=804\" title=\"Nippon Gear \u2013 Xtech: Gi\u1ea3i Ph\u00e1p C\u01a1 Kh\u00ed &#038; T\u1ef1 \u0110\u1ed9ng H\u00f3a Nh\u1eadt B\u1ea3n T\u1ea1i Vi\u1ec7t Nam\">Nippon Gear \u2013 Xtech: Gi\u1ea3i Ph\u00e1p C\u01a1 Kh\u00ed &#038; T\u1ef1 \u0110\u1ed9ng H\u00f3a Nh\u1eadt B\u1ea3n T\u1ea1i Vi\u1ec7t Nam<\/a>\r\n\t\t\t\t   \t  <span class=\"post_comments op-7 block is-xsmall\"><a href=\"https:\/\/xtech-eng.com\/?p=804#respond\"><\/a><\/span>\r\n\t\t\t\t<\/div>\r\n\t\t\t<\/div>\r\n\t\t<\/li>\r\n\t\t\t\t<\/ul>\t\t<\/aside><\/ul>\n\t\t<\/div>\r\n\t\t<\/div><\/div>\t\t\t<\/div>\r\n\r\n\t\n<\/div>\n\t\t<\/div>\r\n\r\n\t\t\n<style>\n#section_1719477976 {\n  padding-top: 30px;\n  padding-bottom: 30px;\n}\n<\/style>\n\t<\/section>\r\n\t\n","protected":false},"excerpt":{"rendered":"","protected":false},"author":1,"featured_media":0,"parent":0,"menu_order":0,"comment_status":"closed","ping_status":"closed","template":"","meta":{"footnotes":""},"class_list":["post-371","page","type-page","status-publish","hentry"],"_links":{"self":[{"href":"https:\/\/xtech-eng.com\/index.php?rest_route=\/wp\/v2\/pages\/371","targetHints":{"allow":["GET"]}}],"collection":[{"href":"https:\/\/xtech-eng.com\/index.php?rest_route=\/wp\/v2\/pages"}],"about":[{"href":"https:\/\/xtech-eng.com\/index.php?rest_route=\/wp\/v2\/types\/page"}],"author":[{"embeddable":true,"href":"https:\/\/xtech-eng.com\/index.php?rest_route=\/wp\/v2\/users\/1"}],"replies":[{"embeddable":true,"href":"https:\/\/xtech-eng.com\/index.php?rest_route=%2Fwp%2Fv2%2Fcomments&post=371"}],"version-history":[{"count":3,"href":"https:\/\/xtech-eng.com\/index.php?rest_route=\/wp\/v2\/pages\/371\/revisions"}],"predecessor-version":[{"id":1159,"href":"https:\/\/xtech-eng.com\/index.php?rest_route=\/wp\/v2\/pages\/371\/revisions\/1159"}],"wp:attachment":[{"href":"https:\/\/xtech-eng.com\/index.php?rest_route=%2Fwp%2Fv2%2Fmedia&parent=371"}],"curies":[{"name":"wp","href":"https:\/\/api.w.org\/{rel}","templated":true}]}}