{"id":558,"date":"2025-09-25T14:46:59","date_gmt":"2025-09-25T14:46:59","guid":{"rendered":"https:\/\/xtech-eng.com\/?post_type=product&#038;p=558"},"modified":"2025-12-17T09:15:33","modified_gmt":"2025-12-17T09:15:33","slug":"w-series-2","status":"publish","type":"product","link":"https:\/\/xtech-eng.com\/?product=w-series-2","title":{"rendered":"Nippon Gear_W series"},"content":{"rendered":"<h1 data-path-to-node=\"2\"><strong>B\u1ed9 Truy\u1ec1n \u0110\u1ed9ng B\u00e1nh V\u00edt W Series: Gi\u1ea3i Ph\u00e1p T\u1ef1 H\u00e3m An To\u00e0n Cho Van N\u00e2ng Tr\u1ee5c<\/strong><\/h1>\n<p data-path-to-node=\"3\"><b>W Series<\/b> l\u00e0 d\u00f2ng b\u1ed9 truy\u1ec1n \u0111\u1ed9ng b\u00e1nh v\u00edt (Worm Gear) chuy\u00ean d\u1ee5ng c\u1ee7a Nippon Gear, \u0111\u01b0\u1ee3c thi\u1ebft k\u1ebf cho c\u00e1c \u1ee9ng d\u1ee5ng quay nhi\u1ec1u v\u00f2ng (multi-turn). V\u1edbi \u0111\u1eb7c t\u00ednh <b>t\u1ef1 h\u00e3m (self-locking)<\/b> tuy\u1ec7t v\u1eddi, s\u1ea3n ph\u1ea9m l\u00e0 l\u1ef1a ch\u1ecdn l\u00fd t\u01b0\u1edfng cho c\u00e1c lo\u1ea1i van c\u1ed5ng, van c\u1eeda phai v\u00e0 van n\u00e2ng tr\u1ee5c y\u00eau c\u1ea7u l\u1ef1c \u0111\u1ea9y l\u1edbn \u0111\u1ec3 \u0111\u00f3ng\/m\u1edf.<\/p>\n<h2 data-path-to-node=\"4\"><strong>\u0110\u1eb7c \u0110i\u1ec3m N\u1ed5i B\u1eadt C\u1ee7a W Series<\/strong><\/h2>\n<h3 data-path-to-node=\"5\"><strong>1. C\u01a1 C\u1ea5u T\u1ef1 H\u00e3m Th\u00f4ng Minh<\/strong><\/h3>\n<p data-path-to-node=\"6\">\u0110\u00e2y l\u00e0 \u01b0u \u0111i\u1ec3m c\u1ed1t l\u00f5i c\u1ee7a d\u00f2ng b\u00e1nh v\u00edt. C\u01a1 c\u1ea5u n\u00e0y ng\u0103n ch\u1eb7n ho\u00e0n to\u00e0n vi\u1ec7c tr\u1ee5c van t\u1ef1 quay ng\u01b0\u1ee3c l\u1ea1i do \u00e1p l\u1ef1c d\u00f2ng ch\u1ea3y ho\u1eb7c t\u1ea3i tr\u1ecdng c\u1ee7a c\u00e1nh van. \u0110i\u1ec1u n\u00e0y \u0111\u1ea3m b\u1ea3o van lu\u00f4n gi\u1eef \u0111\u00fang v\u1ecb tr\u00ed mong mu\u1ed1n, t\u0103ng c\u01b0\u1eddng \u0111\u1ed9 an to\u00e0n tuy\u1ec7t \u0111\u1ed1i cho h\u1ec7 th\u1ed1ng.<\/p>\n<h3 data-path-to-node=\"7\"><strong>2. Thao T\u00e1c Nh\u1eb9 Nh\u00e0ng V\u1edbi &#8220;Hammer Blow&#8221;<\/strong><\/h3>\n<p data-path-to-node=\"8\">T\u01b0\u01a1ng t\u1ef1 c\u00e1c d\u00f2ng cao c\u1ea5p c\u1ee7a Nippon Gear, W Series t\u00edch h\u1ee3p hi\u1ec7u \u1ee9ng <b>va \u0111\u1eadp b\u00faa (hammer blow)<\/b>. T\u00ednh n\u0103ng n\u00e0y gi\u00fap ng\u01b0\u1eddi v\u1eadn h\u00e0nh d\u1ec5 d\u00e0ng gi\u1ea3i ph\u00f3ng van khi b\u1ecb k\u1eb9t ho\u1eb7c \u0111\u00f3ng k\u00edn kh\u00edt van m\u00e0 kh\u00f4ng c\u1ea7n s\u1eed d\u1ee5ng l\u1ef1c qu\u00e1 l\u1edbn ngay t\u1eeb \u0111\u1ea7u.<\/p>\n<h3 data-path-to-node=\"9\"><strong>3. Thi\u1ebft K\u1ebf Module \u2013 D\u1ec5 D\u00e0ng B\u1ea3o Tr\u00ec<\/strong><\/h3>\n<ul data-path-to-node=\"10\">\n<li>\n<p data-path-to-node=\"10,0,0\"><b>Tay \u00e1o truy\u1ec1n \u0111\u1ed9ng hai m\u1ea3nh:<\/b> Thi\u1ebft k\u1ebf th\u00f4ng minh cho ph\u00e9p k\u1ef9 thu\u1eadt vi\u00ean th\u00e1o r\u1eddi \u0111ai \u1ed1c tr\u1ee5c ra kh\u1ecfi b\u1ed9 truy\u1ec1n \u0111\u1ed9ng m\u1ed9t c\u00e1ch nhanh ch\u00f3ng. Vi\u1ec7c gia c\u00f4ng ren ho\u1eb7c thay th\u1ebf ph\u1ee5 ki\u1ec7n tr\u1edf n\u00ean \u0111\u01a1n gi\u1ea3n h\u01a1n bao gi\u1edd h\u1ebft.<\/p>\n<\/li>\n<li>\n<p data-path-to-node=\"10,1,0\"><b>\u0110\u1ed9 b\u1ec1n cao:<\/b> Thi\u1ebft b\u1ecb c\u00f3 k\u1ebft c\u1ea5u k\u00edn kh\u00edt, b\u00f4i tr\u01a1n s\u1eb5n b\u1eb1ng m\u1ee1 ch\u1ecbu \u00e1p su\u1ea5t cao &#8220;EP&#8221;, gi\u00fap ch\u1ed1ng m\u00e0i m\u00f2n v\u00e0 s\u1eb5n s\u00e0ng \u0111\u01b0a v\u00e0o v\u1eadn h\u00e0nh ngay l\u1eadp t\u1ee9c.<\/p>\n<\/li>\n<\/ul>\n<h3 data-path-to-node=\"11\"><strong>4. Kh\u1ea3 N\u0103ng N\u00e2ng C\u1ea5p Linh Ho\u1ea1t<\/strong><\/h3>\n<ul data-path-to-node=\"12\">\n<li>\n<p data-path-to-node=\"12,0,0\"><b>K\u1ebft h\u1ee3p Actuator \u0111i\u1ec7n:<\/b> W Series c\u00f3 th\u1ec3 \u0111\u00f3ng vai tr\u00f2 l\u00e0 b\u1ed9 gi\u1ea3m t\u1ed1c trung gian khi k\u1ebft h\u1ee3p v\u1edbi c\u00e1c b\u1ed9 truy\u1ec1n \u0111\u1ed9ng \u0111i\u1ec7n nh\u01b0 <b>SMB, JMB ho\u1eb7c L120<\/b> \u0111\u1ec3 t\u1ef1 \u0111\u1ed9ng h\u00f3a quy tr\u00ecnh.<\/p>\n<\/li>\n<li>\n<p data-path-to-node=\"12,1,0\"><b>T\u00f9y ch\u1ecdn tr\u1ee5c k\u00e9p:<\/b> Gi\u00fap m\u1edf r\u1ed9ng kh\u1ea3 n\u0103ng l\u1eafp \u0111\u1eb7t tay quay ho\u1eb7c \u0111\u1ed9ng c\u01a1 \u1edf nhi\u1ec1u v\u1ecb tr\u00ed, ph\u00f9 h\u1ee3p v\u1edbi kh\u00f4ng gian ch\u1eadt h\u1eb9p.<\/p>\n<\/li>\n<\/ul>\n<h2 data-path-to-node=\"14\"><strong>\u1ee8ng D\u1ee5ng Th\u1ef1c T\u1ebf<\/strong><\/h2>\n<p data-path-to-node=\"15\">D\u00f2ng W Series l\u00e0 gi\u1ea3i ph\u00e1p tin c\u1eady trong c\u00e1c l\u0129nh v\u1ef1c:<\/p>\n<ul data-path-to-node=\"16\">\n<li>\n<p data-path-to-node=\"16,0,0\"><b>H\u1ec7 th\u1ed1ng c\u1ea5p tho\u00e1t n\u01b0\u1edbc:<\/b> V\u1eadn h\u00e0nh van c\u1ed5ng c\u1ee1 l\u1edbn, van c\u1eeda phai ng\u0103n l\u0169.<\/p>\n<\/li>\n<li>\n<p data-path-to-node=\"16,1,0\"><b>C\u00f4ng nghi\u1ec7p n\u1eb7ng:<\/b> C\u00e1c d\u00f2ng van n\u00e2ng tr\u1ee5c trong nh\u00e0 m\u00e1y th\u00e9p, h\u00f3a ch\u1ea5t.<\/p>\n<\/li>\n<li>\n<p data-path-to-node=\"16,2,0\"><b>H\u1ea1 t\u1ea7ng th\u1ee7y l\u1ee3i:<\/b> Ki\u1ec3m so\u00e1t l\u01b0u l\u01b0\u1ee3ng t\u1ea1i c\u00e1c k\u00eanh d\u1eabn c\u00f3 \u00e1p su\u1ea5t l\u1edbn.<\/p>\n<\/li>\n<\/ul>\n<h2 data-path-to-node=\"17\"><strong>Th\u00f4ng S\u1ed1 K\u1ef9 Thu\u1eadt D\u00f2ng W Series<\/strong><\/h2>\n<p data-path-to-node=\"18\">W Series bao g\u1ed3m 05 k\u00edch c\u1ee1 \u0111\u01a1n v\u1ecb, t\u1ed1i \u01b0u cho nhi\u1ec1u d\u1ea3i t\u1ea3i tr\u1ecdng kh\u00e1c nhau:<\/p>\n<div class=\"horizontal-scroll-wrapper\">\n<div class=\"table-block-component\">\n<div class=\"table-block has-export-button\">\n<div class=\"table-content not-end-of-paragraph\" data-hveid=\"0\" data-ved=\"0CAAQ3ecQahgKEwjy5o-pzcORAxUAAAAAHQAAAAAQngY\">\n<table data-path-to-node=\"19\">\n<thead>\n<tr>\n<td><span data-path-to-node=\"19,0,0,0\">Model<\/span><\/td>\n<td><span data-path-to-node=\"19,0,1,0\">L\u1ef1c \u0111\u1ea9y t\u1ed1i \u0111a (kN)<\/span><\/td>\n<td><span data-path-to-node=\"19,0,2,0\">M\u00f4-men t\u1ed1i \u0111a (N\u00b7m)<\/span><\/td>\n<td><span data-path-to-node=\"19,0,3,0\">T\u1ec9 s\u1ed1 truy\u1ec1n (V\u00ed d\u1ee5)<\/span><\/td>\n<td><span data-path-to-node=\"19,0,4,0\">Tr\u1ee5c van l\u1edbn nh\u1ea5t (mm)<\/span><\/td>\n<\/tr>\n<\/thead>\n<tbody>\n<tr>\n<td><span data-path-to-node=\"19,1,0,0\"><b>W-0<\/b><\/span><\/td>\n<td><span data-path-to-node=\"19,1,1,0\">105<\/span><\/td>\n<td><span data-path-to-node=\"19,1,2,0\">640<\/span><\/td>\n<td><span data-path-to-node=\"19,1,3,0\">47:3<\/span><\/td>\n<td><span data-path-to-node=\"19,1,4,0\">58<\/span><\/td>\n<\/tr>\n<tr>\n<td><span data-path-to-node=\"19,2,0,0\"><b>W-1<\/b><\/span><\/td>\n<td><span data-path-to-node=\"19,2,1,0\">200<\/span><\/td>\n<td><span data-path-to-node=\"19,2,2,0\">1150<\/span><\/td>\n<td><span data-path-to-node=\"19,2,3,0\">29:2<\/span><\/td>\n<td><span data-path-to-node=\"19,2,4,0\">67<\/span><\/td>\n<\/tr>\n<tr>\n<td><span data-path-to-node=\"19,3,0,0\"><b>W-2<\/b><\/span><\/td>\n<td><span data-path-to-node=\"19,3,1,0\">320<\/span><\/td>\n<td><span data-path-to-node=\"19,3,2,0\">2500<\/span><\/td>\n<td><span data-path-to-node=\"19,3,3,0\">33:2<\/span><\/td>\n<td><span data-path-to-node=\"19,3,4,0\">89<\/span><\/td>\n<\/tr>\n<tr>\n<td><span data-path-to-node=\"19,4,0,0\"><b>W-3<\/b><\/span><\/td>\n<td><span data-path-to-node=\"19,4,1,0\">620<\/span><\/td>\n<td><span data-path-to-node=\"19,4,2,0\">5700<\/span><\/td>\n<td><span data-path-to-node=\"19,4,3,0\">31:3<\/span><\/td>\n<td><span data-path-to-node=\"19,4,4,0\">120<\/span><\/td>\n<\/tr>\n<tr>\n<td><span data-path-to-node=\"19,5,0,0\"><b>W-4<\/b><\/span><\/td>\n<td><span data-path-to-node=\"19,5,1,0\">1100<\/span><\/td>\n<td><span data-path-to-node=\"19,5,2,0\">10000<\/span><\/td>\n<td><span data-path-to-node=\"19,5,3,0\">38:3<\/span><\/td>\n<td><span data-path-to-node=\"19,5,4,0\">152<\/span><\/td>\n<\/tr>\n<\/tbody>\n<\/table>\n<\/div>\n<\/div>\n<\/div>\n<\/div>\n<h2 data-path-to-node=\"21\"><strong>T\u00f9y Ch\u1ecdn B\u1ed5 Sung<\/strong><\/h2>\n<ul data-path-to-node=\"22\">\n<li>\n<p data-path-to-node=\"22,0,0\"><b>Ch\u1ec9 b\u00e1o v\u1ecb tr\u00ed &amp; C\u00f4ng t\u1eafc gi\u1edbi h\u1ea1n:<\/b> H\u1ed7 tr\u1ee3 gi\u00e1m s\u00e1t tr\u1ea1ng th\u00e1i van tr\u1ef1c ti\u1ebfp t\u1ea1i ch\u1ed7 ho\u1eb7c truy\u1ec1n t\u00edn hi\u1ec7u ph\u1ea3n h\u1ed3i v\u1ec1 trung t\u00e2m \u0111i\u1ec1u khi\u1ec3n t\u1eeb xa.<\/p>\n<\/li>\n<li>\n<p data-path-to-node=\"22,1,0\"><b>Hi\u1ec7u su\u1ea5t bi\u1ebfn thi\u00ean:<\/b> T\u00f9y thu\u1ed9c v\u00e0o t\u1ec9 s\u1ed1 truy\u1ec1n, hi\u1ec7u su\u1ea5t dao \u0111\u1ed9ng t\u1eeb 0.20 \u0111\u1ebfn 0.55, t\u1ed1i \u01b0u cho kh\u1ea3 n\u0103ng t\u1ef1 h\u00e3m.<\/p>\n<\/li>\n<\/ul>\n","protected":false},"excerpt":{"rendered":"<p><b>W Series<\/b> l\u00e0 d\u00f2ng b\u1ed9 truy\u1ec1n \u0111\u1ed9ng b\u00e1nh v\u00edt (Worm Gear) chuy\u00ean d\u1ee5ng c\u1ee7a Nippon Gear, \u0111\u01b0\u1ee3c thi\u1ebft k\u1ebf cho c\u00e1c \u1ee9ng d\u1ee5ng quay nhi\u1ec1u v\u00f2ng (multi-turn). V\u1edbi \u0111\u1eb7c t\u00ednh <b>t\u1ef1 h\u00e3m (self-locking)<\/b> tuy\u1ec7t v\u1eddi, s\u1ea3n ph\u1ea9m l\u00e0 l\u1ef1a ch\u1ecdn l\u00fd t\u01b0\u1edfng cho c\u00e1c lo\u1ea1i van c\u1ed5ng, van c\u1eeda phai v\u00e0 van n\u00e2ng tr\u1ee5c y\u00eau c\u1ea7u l\u1ef1c \u0111\u1ea9y l\u1edbn \u0111\u1ec3 \u0111\u00f3ng\/m\u1edf.<\/p>\n","protected":false},"featured_media":996,"comment_status":"open","ping_status":"closed","template":"","meta":[],"product_brand":[],"product_cat":[249,251],"product_tag":[],"class_list":{"0":"post-558","1":"product","2":"type-product","3":"status-publish","4":"has-post-thumbnail","6":"product_cat-manual-actuator-limitorque-vi","7":"product_cat-multi-turn-type-vi","9":"first","10":"instock","11":"shipping-taxable","12":"product-type-simple"},"_links":{"self":[{"href":"https:\/\/xtech-eng.com\/index.php?rest_route=\/wp\/v2\/product\/558","targetHints":{"allow":["GET"]}}],"collection":[{"href":"https:\/\/xtech-eng.com\/index.php?rest_route=\/wp\/v2\/product"}],"about":[{"href":"https:\/\/xtech-eng.com\/index.php?rest_route=\/wp\/v2\/types\/product"}],"replies":[{"embeddable":true,"href":"https:\/\/xtech-eng.com\/index.php?rest_route=%2Fwp%2Fv2%2Fcomments&post=558"}],"wp:featuredmedia":[{"embeddable":true,"href":"https:\/\/xtech-eng.com\/index.php?rest_route=\/wp\/v2\/media\/996"}],"wp:attachment":[{"href":"https:\/\/xtech-eng.com\/index.php?rest_route=%2Fwp%2Fv2%2Fmedia&parent=558"}],"wp:term":[{"taxonomy":"product_brand","embeddable":true,"href":"https:\/\/xtech-eng.com\/index.php?rest_route=%2Fwp%2Fv2%2Fproduct_brand&post=558"},{"taxonomy":"product_cat","embeddable":true,"href":"https:\/\/xtech-eng.com\/index.php?rest_route=%2Fwp%2Fv2%2Fproduct_cat&post=558"},{"taxonomy":"product_tag","embeddable":true,"href":"https:\/\/xtech-eng.com\/index.php?rest_route=%2Fwp%2Fv2%2Fproduct_tag&post=558"}],"curies":[{"name":"wp","href":"https:\/\/api.w.org\/{rel}","templated":true}]}}