{"id":604,"date":"2025-09-26T04:32:28","date_gmt":"2025-09-26T04:32:28","guid":{"rendered":"https:\/\/xtech-eng.com\/?post_type=product&#038;p=604"},"modified":"2025-12-28T09:55:44","modified_gmt":"2025-12-28T09:55:44","slug":"high-speed-jack","status":"publish","type":"product","link":"https:\/\/xtech-eng.com\/?product=high-speed-jack","title":{"rendered":"Nippon Gear_High Speed Jack"},"content":{"rendered":"<h1 data-path-to-node=\"3\"><strong>K\u00edch V\u00edt Me Bi T\u1ed1c \u0110\u1ed9 Cao (Series JSH &#8211; J2H): Hi\u1ec7u Su\u1ea5t T\u1ed1i \u0110a cho \u0110\u1ed9ng C\u01a1 Servo<\/strong><\/h1>\n<h2 data-path-to-node=\"4\"><strong>1. T\u1ed5ng quan s\u1ea3n ph\u1ea9m<\/strong><\/h2>\n<p data-path-to-node=\"5\">D\u00f2ng <b data-path-to-node=\"5\" data-index-in-node=\"5\">K\u00edch v\u00edt me bi t\u1ed1c \u0111\u1ed9 cao<\/b> l\u00e0 gi\u1ea3i ph\u00e1p truy\u1ec1n \u0111\u1ed9ng ti\u00ean ti\u1ebfn, \u0111\u01b0\u1ee3c thi\u1ebft k\u1ebf \u0111\u1ec3 \u0111\u00e1p \u1ee9ng c\u00e1c y\u00eau c\u1ea7u v\u1eadn h\u00e0nh v\u1edbi t\u1ea7n su\u1ea5t l\u1edbn v\u00e0 t\u1ed1c \u0111\u1ed9 c\u1ef1c nhanh. S\u1ea3n ph\u1ea9m kh\u00f4ng ch\u1ec9 n\u00e2ng cao n\u0103ng su\u1ea5t s\u1ea3n xu\u1ea5t m\u00e0 c\u00f2n t\u1ed1i \u01b0u h\u00f3a m\u1ee9c ti\u00eau th\u1ee5 n\u0103ng l\u01b0\u1ee3ng, g\u00f3p ph\u1ea7n b\u1ea3o v\u1ec7 m\u00f4i tr\u01b0\u1eddng. V\u1edbi kh\u1ea3 n\u0103ng t\u01b0\u01a1ng th\u00edch ho\u00e0n h\u1ea3o v\u1edbi \u0111\u1ed9ng c\u01a1 Servo, d\u00f2ng Jack n\u00e0y m\u1edf r\u1ed9ng ph\u1ea1m vi \u1ee9ng d\u1ee5ng t\u1eeb n\u00e2ng h\u1ea1 c\u01a1 b\u1ea3n \u0111\u1ebfn c\u00e1c h\u1ec7 th\u1ed1ng \u0111i\u1ec1u khi\u1ec3n v\u1ecb tr\u00ed ch\u00ednh x\u00e1c ph\u1ee9c t\u1ea1p.<\/p>\n<h2 data-path-to-node=\"6\"><strong>2. \u0110\u1eb7c \u0111i\u1ec3m k\u1ef9 thu\u1eadt \u01b0u vi\u1ec7t<\/strong><\/h2>\n<ul data-path-to-node=\"7\">\n<li>\n<p data-path-to-node=\"7,0,0\"><b data-path-to-node=\"7,0,0\" data-index-in-node=\"0\">T\u1ed1c \u0111\u1ed9 c\u1ef1c \u1ea5n t\u01b0\u1ee3ng:<\/b> T\u1ed1c \u0111\u1ed9 tr\u1ee5c v\u00edt n\u00e2ng \u0111\u1ea1t t\u1ed1i \u0111a <b data-path-to-node=\"7,0,0\" data-index-in-node=\"53\">20 m\/ph\u00fat<\/b>, nhanh g\u1ea5p <b data-path-to-node=\"7,0,0\" data-index-in-node=\"74\">5 l\u1ea7n<\/b> so v\u1edbi c\u00e1c lo\u1ea1i v\u00edt me bi th\u00f4ng th\u01b0\u1eddng tr\u00ean th\u1ecb tr\u01b0\u1eddng.<\/p>\n<\/li>\n<li>\n<p data-path-to-node=\"7,1,0\"><b data-path-to-node=\"7,1,0\" data-index-in-node=\"0\">Chu k\u1ef3 l\u00e0m vi\u1ec7c (Duty Cycle) cao:<\/b> Ch\u1ec9 s\u1ed1 <b data-path-to-node=\"7,1,0\" data-index-in-node=\"41\">ED t\u1ed1i \u0111a l\u00ean \u0111\u1ebfn 70%<\/b>, cho ph\u00e9p thi\u1ebft b\u1ecb ho\u1ea1t \u0111\u1ed9ng li\u00ean t\u1ee5c v\u1edbi c\u01b0\u1eddng \u0111\u1ed9 cao (g\u1ea5p 5 l\u1ea7n s\u1ea3n ph\u1ea9m truy\u1ec1n th\u1ed1ng) m\u00e0 kh\u00f4ng g\u00e2y qu\u00e1 nhi\u1ec7t.<\/p>\n<\/li>\n<li>\n<p data-path-to-node=\"7,2,0\"><b data-path-to-node=\"7,2,0\" data-index-in-node=\"0\">T\u01b0\u01a1ng th\u00edch \u0111\u1ed9ng c\u01a1 Servo:<\/b> T\u1ed1c \u0111\u1ed9 quay \u0111\u1ea7u v\u00e0o linh ho\u1ea1t t\u1eeb <b data-path-to-node=\"7,2,0\" data-index-in-node=\"60\">2000 \u2013 3000 v\u00f2ng\/ph\u00fat<\/b>, l\u00fd t\u01b0\u1edfng cho c\u00e1c \u1ee9ng d\u1ee5ng c\u1ea7n s\u1ef1 \u0111\u1ed3ng b\u1ed9 h\u00f3a v\u00e0 \u0111i\u1ec1u khi\u1ec3n ch\u00ednh x\u00e1c b\u1eb1ng Servo.<\/p>\n<\/li>\n<li>\n<p data-path-to-node=\"7,3,0\"><b data-path-to-node=\"7,3,0\" data-index-in-node=\"0\">Hi\u1ec7u su\u1ea5t c\u01a1 kh\u00ed v\u01b0\u1ee3t tr\u1ed9i:<\/b> \u0110\u1ea1t ch\u1ec9 s\u1ed1 hi\u1ec7u su\u1ea5t trung b\u00ecnh <b data-path-to-node=\"7,3,0\" data-index-in-node=\"60\">0.81<\/b>, gi\u00fap gi\u1ea3m thi\u1ec3u th\u1ea5t tho\u00e1t n\u0103ng l\u01b0\u1ee3ng v\u00e0 v\u1eadn h\u00e0nh \u00eam \u00e1i.<\/p>\n<\/li>\n<li>\n<p data-path-to-node=\"7,4,0\"><b data-path-to-node=\"7,4,0\" data-index-in-node=\"0\">L\u01b0u \u00fd an to\u00e0n:<\/b> S\u1ea3n ph\u1ea9m s\u1eed d\u1ee5ng v\u00edt me bi n\u00ean <b data-path-to-node=\"7,4,0\" data-index-in-node=\"46\">kh\u00f4ng c\u00f3 ch\u1ee9c n\u0103ng t\u1ef1 h\u00e3m<\/b>. C\u1ea7n trang b\u1ecb th\u00eam h\u1ec7 th\u1ed1ng phanh (brake) tr\u00ean \u0111\u1ed9ng c\u01a1 ho\u1eb7c tr\u1ee5c truy\u1ec1n \u0111\u1ed9ng \u0111\u1ec3 \u0111\u1ea3m b\u1ea3o an to\u00e0n khi d\u1eebng t\u1ea3i.<\/p>\n<\/li>\n<\/ul>\n<h2 data-path-to-node=\"8\"><strong>3. B\u1ea3ng th\u00f4ng s\u1ed1 k\u1ef9 thu\u1eadt ti\u00eau chu\u1ea9n<\/strong><\/h2>\n<div class=\"horizontal-scroll-wrapper\">\n<div class=\"table-block-component\">\n<div class=\"table-block has-export-button\">\n<div class=\"table-content not-end-of-paragraph\" data-hveid=\"0\" data-ved=\"0CAAQ3ecQahgKEwjniaqggNuRAxUAAAAAHQAAAAAQwQY\">\n<table data-path-to-node=\"9\">\n<thead>\n<tr>\n<td><span data-path-to-node=\"9,0,0,0\">M\u00e3 Model (Size Code)<\/span><\/td>\n<td><span data-path-to-node=\"9,0,1,0\">T\u1ea3i tr\u1ecdng (kN)<\/span><\/td>\n<td><span data-path-to-node=\"9,0,2,0\">B\u01b0\u1edbc ren (mm)<\/span><\/td>\n<td><span data-path-to-node=\"9,0,3,0\">T\u1ed1c \u0111\u1ed9 \u0111\u1ea7u v\u00e0o t\u1ed1i \u0111a (min\u207b\u00b9)<\/span><\/td>\n<td><span data-path-to-node=\"9,0,4,0\">Hi\u1ec7u su\u1ea5t<\/span><\/td>\n<\/tr>\n<\/thead>\n<tbody>\n<tr>\n<td><span data-path-to-node=\"9,1,0,0\"><b data-path-to-node=\"9,1,0,0\" data-index-in-node=\"0\">JSH<\/b><\/span><\/td>\n<td><span data-path-to-node=\"9,1,1,0\">5<\/span><\/td>\n<td><span data-path-to-node=\"9,1,2,0\">20<\/span><\/td>\n<td><span data-path-to-node=\"9,1,3,0\">3000<\/span><\/td>\n<td><span data-path-to-node=\"9,1,4,0\">0.81<\/span><\/td>\n<\/tr>\n<tr>\n<td><span data-path-to-node=\"9,2,0,0\"><b data-path-to-node=\"9,2,0,0\" data-index-in-node=\"0\">J0H<\/b><\/span><\/td>\n<td><span data-path-to-node=\"9,2,1,0\">10<\/span><\/td>\n<td><span data-path-to-node=\"9,2,2,0\">25<\/span><\/td>\n<td><span data-path-to-node=\"9,2,3,0\">2400<\/span><\/td>\n<td><span data-path-to-node=\"9,2,4,0\">0.81<\/span><\/td>\n<\/tr>\n<tr>\n<td><span data-path-to-node=\"9,3,0,0\"><b data-path-to-node=\"9,3,0,0\" data-index-in-node=\"0\">J1H<\/b><\/span><\/td>\n<td><span data-path-to-node=\"9,3,1,0\">25<\/span><\/td>\n<td><span data-path-to-node=\"9,3,2,0\">36<\/span><\/td>\n<td><span data-path-to-node=\"9,3,3,0\">2000<\/span><\/td>\n<td><span data-path-to-node=\"9,3,4,0\">0.81<\/span><\/td>\n<\/tr>\n<tr>\n<td><span data-path-to-node=\"9,4,0,0\"><b data-path-to-node=\"9,4,0,0\" data-index-in-node=\"0\">J2H<\/b><\/span><\/td>\n<td><span data-path-to-node=\"9,4,1,0\">50<\/span><\/td>\n<td><span data-path-to-node=\"9,4,2,0\">40<\/span><\/td>\n<td><span data-path-to-node=\"9,4,3,0\">2000<\/span><\/td>\n<td><span data-path-to-node=\"9,4,4,0\">0.81<\/span><\/td>\n<\/tr>\n<\/tbody>\n<\/table>\n<\/div>\n<div class=\"table-footer hide-from-message-actions ng-star-inserted\"><button class=\"mdc-button mat-mdc-button-base export-sheets-button-container mat-mdc-button mat-unthemed ng-star-inserted\"><span class=\"mdc-button__label\"><span class=\"export-sheets-button\">Xu\u1ea5t sang Trang t\u00ednh<\/span><\/span><\/button><button class=\"mdc-icon-button mat-mdc-icon-button mat-mdc-button-base mat-mdc-tooltip-trigger copy-button mat-unthemed ng-star-inserted\" aria-label=\"Sao che\u0301p ba\u0309ng\" data-test-id=\"copy-table-button\"><\/button><\/div>\n<\/div>\n<\/div>\n<\/div>\n<h2 data-path-to-node=\"10\"><strong>4. \u1ee8ng d\u1ee5ng th\u1ef1c t\u1ebf<\/strong><\/h2>\n<p data-path-to-node=\"11\">Nh\u1edd kh\u1ea3 n\u0103ng v\u1eadn h\u00e0nh t\u1ed1c \u0111\u1ed9 cao v\u00e0 t\u1ea7n su\u1ea5t d\u00e0y \u0111\u1eb7c, Series JSH\/J2H th\u01b0\u1eddng \u0111\u01b0\u1ee3c \u1ee9ng d\u1ee5ng trong:<\/p>\n<ul data-path-to-node=\"12\">\n<li>\n<p data-path-to-node=\"12,0,0\">H\u1ec7 th\u1ed1ng \u0111\u00f3ng g\u00f3i v\u00e0 ph\u00e2n lo\u1ea1i t\u1ef1 \u0111\u1ed9ng t\u1ed1c \u0111\u1ed9 cao.<\/p>\n<\/li>\n<li>\n<p data-path-to-node=\"12,1,0\">C\u00e1c c\u01a1 c\u1ea5u \u00e9p, \u0111\u1ea9y trong d\u00e2y chuy\u1ec1n s\u1ea3n xu\u1ea5t linh ki\u1ec7n \u0111i\u1ec7n t\u1eed.<\/p>\n<\/li>\n<li>\n<p data-path-to-node=\"12,2,0\">B\u00e0n n\u00e2ng h\u1ea1 trong c\u00e1c h\u1ec7 th\u1ed1ng robot t\u1ef1 \u0111\u1ed9ng.<\/p>\n<\/li>\n<li>\n<p data-path-to-node=\"12,3,0\">Thi\u1ebft b\u1ecb m\u00f4 ph\u1ecfng chuy\u1ec3n \u0111\u1ed9ng (Motion Simulation).<\/p>\n<\/li>\n<\/ul>\n<div class=\"col-content-block\">\n<div class=\"list-table-scroll\"><\/div>\n<\/div>\n","protected":false},"excerpt":{"rendered":"<p>K\u00edch V\u00edt Me Bi T\u1ed1c \u0110\u1ed9 Cao (Series JSH &#8211; J2H): Hi\u1ec7u Su\u1ea5t T\u1ed1i \u0110a cho \u0110\u1ed9ng C\u01a1 Servo 1. T\u1ed5ng quan s\u1ea3n ph\u1ea9m D\u00f2ng K\u00edch v\u00edt me bi t\u1ed1c \u0111\u1ed9 cao l\u00e0 gi\u1ea3i ph\u00e1p truy\u1ec1n \u0111\u1ed9ng ti\u00ean ti\u1ebfn, \u0111\u01b0\u1ee3c thi\u1ebft k\u1ebf \u0111\u1ec3 \u0111\u00e1p \u1ee9ng c\u00e1c y\u00eau c\u1ea7u v\u1eadn h\u00e0nh v\u1edbi t\u1ea7n su\u1ea5t l\u1edbn v\u00e0&#8230;<\/p>\n","protected":false},"featured_media":1018,"comment_status":"open","ping_status":"closed","template":"","meta":[],"product_brand":[],"product_cat":[276,265],"product_tag":[],"class_list":{"0":"post-604","1":"product","2":"type-product","3":"status-publish","4":"has-post-thumbnail","6":"product_cat-ball-screw-jack","7":"product_cat-screw-jack-vi-screw-jack-vi","9":"first","10":"instock","11":"shipping-taxable","12":"product-type-simple"},"_links":{"self":[{"href":"https:\/\/xtech-eng.com\/index.php?rest_route=\/wp\/v2\/product\/604","targetHints":{"allow":["GET"]}}],"collection":[{"href":"https:\/\/xtech-eng.com\/index.php?rest_route=\/wp\/v2\/product"}],"about":[{"href":"https:\/\/xtech-eng.com\/index.php?rest_route=\/wp\/v2\/types\/product"}],"replies":[{"embeddable":true,"href":"https:\/\/xtech-eng.com\/index.php?rest_route=%2Fwp%2Fv2%2Fcomments&post=604"}],"wp:featuredmedia":[{"embeddable":true,"href":"https:\/\/xtech-eng.com\/index.php?rest_route=\/wp\/v2\/media\/1018"}],"wp:attachment":[{"href":"https:\/\/xtech-eng.com\/index.php?rest_route=%2Fwp%2Fv2%2Fmedia&parent=604"}],"wp:term":[{"taxonomy":"product_brand","embeddable":true,"href":"https:\/\/xtech-eng.com\/index.php?rest_route=%2Fwp%2Fv2%2Fproduct_brand&post=604"},{"taxonomy":"product_cat","embeddable":true,"href":"https:\/\/xtech-eng.com\/index.php?rest_route=%2Fwp%2Fv2%2Fproduct_cat&post=604"},{"taxonomy":"product_tag","embeddable":true,"href":"https:\/\/xtech-eng.com\/index.php?rest_route=%2Fwp%2Fv2%2Fproduct_tag&post=604"}],"curies":[{"name":"wp","href":"https:\/\/api.w.org\/{rel}","templated":true}]}}