{"id":655,"date":"2025-10-29T15:19:57","date_gmt":"2025-10-29T15:19:57","guid":{"rendered":"https:\/\/xtech-eng.com\/?post_type=product&#038;p=655"},"modified":"2025-12-28T11:02:51","modified_gmt":"2025-12-28T11:02:51","slug":"bang-tai-tam-cao-showa-kikai","status":"publish","type":"product","link":"https:\/\/xtech-eng.com\/?product=bang-tai-tam-cao-showa-kikai","title":{"rendered":"Showa Kikai_B\u0103ng t\u1ea3i t\u1ea5m c\u00e0o"},"content":{"rendered":"<h1 data-path-to-node=\"3\"><strong>B\u0103ng T\u1ea3i X\u00edch T\u1ea5m SKS: Gi\u1ea3i Ph\u00e1p V\u1eadn Chuy\u1ec3n Tro X\u1ec9 Ch\u1ed1ng \u0102n M\u00f2n<\/strong><\/h1>\n<h2 data-path-to-node=\"4\"><strong>1. T\u1ed5ng quan s\u1ea3n ph\u1ea9m<\/strong><\/h2>\n<p data-path-to-node=\"5\"><b data-path-to-node=\"5\" data-index-in-node=\"0\">B\u0103ng t\u1ea3i x\u00edch t\u1ea5m SKS<\/b> l\u00e0 d\u00f2ng thi\u1ebft b\u1ecb chuy\u00ean d\u1ee5ng \u0111\u01b0\u1ee3c thi\u1ebft k\u1ebf v\u1edbi th\u00e2n v\u1ecf k\u00edn n\u01b0\u1edbc, gi\u1ea3i ph\u00e1p t\u1ed1i \u01b0u cho vi\u1ec7c v\u1eadn chuy\u1ec3n tro x\u1ec9 t\u1ea1i c\u00e1c trung t\u00e2m x\u1eed l\u00fd r\u00e1c th\u1ea3i v\u00e0 nh\u00e0 m\u00e1y nhi\u1ec7t \u0111i\u1ec7n. \u0110i\u1ec3m kh\u00e1c bi\u1ec7t n\u1eb1m \u1edf h\u1ec7 th\u1ed1ng <b data-path-to-node=\"5\" data-index-in-node=\"217\">x\u00edch t\u1ea5m (Apron Chain)<\/b> \u0111\u1eb7c ch\u1ee7ng c\u1ee7a SKS, gi\u00fap thi\u1ebft b\u1ecb v\u1eadn h\u00e0nh \u1ed5n \u0111\u1ecbnh trong m\u00f4i tr\u01b0\u1eddng c\u00f3 t\u00ednh \u0103n m\u00f2n h\u00f3a h\u1ecdc cao v\u00e0 \u0111\u1ed9 \u1ea9m l\u1edbn.<\/p>\n<h2 data-path-to-node=\"6\"><strong>2. \u0110\u1eb7c \u0111i\u1ec3m k\u1ef9 thu\u1eadt \u01b0u vi\u1ec7t<\/strong><\/h2>\n<ul data-path-to-node=\"7\">\n<li>\n<p data-path-to-node=\"7,0,0\"><b data-path-to-node=\"7,0,0\" data-index-in-node=\"0\">Th\u00e2n v\u1ecf k\u00edn n\u01b0\u1edbc tuy\u1ec7t \u0111\u1ed1i:<\/b> Ng\u0103n ch\u1eb7n s\u1ef1 r\u00f2 r\u1ec9 ch\u1ea5t l\u1ecfng v\u00e0 m\u00f9i h\u00f4i ra m\u00f4i tr\u01b0\u1eddng xung quanh, \u0111\u1eb7c bi\u1ec7t hi\u1ec7u qu\u1ea3 khi x\u1eed l\u00fd tro \u01b0\u1edbt sau qu\u00e1 tr\u00ecnh d\u1eadp t\u1eaft.<\/p>\n<\/li>\n<li>\n<p data-path-to-node=\"7,1,0\"><b data-path-to-node=\"7,1,0\" data-index-in-node=\"0\">X\u00edch t\u1ea5m SKS ch\u1ecbu l\u1ef1c:<\/b> S\u1eed d\u1ee5ng h\u1ec7 th\u1ed1ng x\u00edch t\u1ea5m \u0111\u1ed9 b\u1ec1n cao, \u0111\u01b0\u1ee3c ch\u1ebf t\u1ea1o t\u1eeb v\u1eadt li\u1ec7u ch\u1ed1ng m\u00e0i m\u00f2n v\u00e0 \u0103n m\u00f2n, \u0111\u1ea3m b\u1ea3o tu\u1ed5i th\u1ecd l\u00e2u d\u00e0i trong m\u00f4i tr\u01b0\u1eddng h\u00f3a ch\u1ea5t kh\u1eafc nghi\u1ec7t.<\/p>\n<\/li>\n<li>\n<p data-path-to-node=\"7,2,0\"><b data-path-to-node=\"7,2,0\" data-index-in-node=\"0\">V\u1eadn chuy\u1ec3n \u0111a n\u0103ng:<\/b> Thi\u1ebft k\u1ebf cho ph\u00e9p x\u1eed l\u00fd linh ho\u1ea1t c\u1ea3 <b data-path-to-node=\"7,2,0\" data-index-in-node=\"57\">v\u1eadt li\u1ec7u kh\u00f4 v\u00e0 v\u1eadt li\u1ec7u \u01b0\u1edbt<\/b>, \u0111\u1ea3m b\u1ea3o kh\u00f4ng x\u1ea3y ra t\u00ecnh tr\u1ea1ng b\u1ebft d\u00ednh hay t\u1eafc ngh\u1ebdn.<\/p>\n<\/li>\n<li>\n<p data-path-to-node=\"7,3,0\"><b data-path-to-node=\"7,3,0\" data-index-in-node=\"0\">K\u1ebft c\u1ea5u b\u1ec1n v\u1eefng:<\/b> C\u1ea5u tr\u00fac m\u00e1y \u0111\u01b0\u1ee3c \u0111\u01a1n gi\u1ea3n h\u00f3a nh\u01b0ng c\u1ef1c k\u1ef3 ch\u1eafc ch\u1eafn, d\u1ef1a tr\u00ean kinh nghi\u1ec7m th\u1ef1c ti\u1ec5n h\u00e0ng th\u1eadp k\u1ef7 c\u1ee7a SKS trong ng\u00e0nh c\u01a1 kh\u00ed truy\u1ec1n \u0111\u1ed9ng.<\/p>\n<\/li>\n<li>\n<p data-path-to-node=\"7,4,0\"><b data-path-to-node=\"7,4,0\" data-index-in-node=\"0\">Ti\u1ebft ki\u1ec7m chi ph\u00ed v\u1eadn h\u00e0nh:<\/b> Nh\u1edd kh\u1ea3 n\u0103ng ch\u1ed1ng \u0103n m\u00f2n v\u01b0\u1ee3t tr\u1ed9i, b\u0103ng t\u1ea3i gi\u1ea3m thi\u1ec3u \u0111\u00e1ng k\u1ec3 chi ph\u00ed s\u1eeda ch\u1eefa v\u00e0 thay th\u1ebf linh ki\u1ec7n \u0111\u1ecbnh k\u1ef3.<\/p>\n<\/li>\n<\/ul>\n<h2 data-path-to-node=\"8\"><strong>3. \u1ee8ng d\u1ee5ng v\u00e0 V\u1eadt li\u1ec7u v\u1eadn chuy\u1ec3n<\/strong><\/h2>\n<p data-path-to-node=\"9\">B\u0103ng t\u1ea3i x\u00edch t\u1ea5m SKS l\u00e0 l\u1ef1a ch\u1ecdn h\u00e0ng \u0111\u1ea7u \u0111\u1ec3 v\u1eadn chuy\u1ec3n c\u00e1c lo\u1ea1i v\u1eadt li\u1ec7u th\u00f4 v\u00e0 c\u00f3 t\u00ednh x\u00e2m th\u1ef1c:<\/p>\n<ul data-path-to-node=\"10\">\n<li>\n<p data-path-to-node=\"10,0,0\"><b data-path-to-node=\"10,0,0\" data-index-in-node=\"0\">Tro t\u1eeb r\u00e1c th\u1ea3i:<\/b> Tro \u0111\u00e1y t\u1eeb l\u00f2 \u0111\u1ed1t r\u00e1c sinh ho\u1ea1t, tro \u0111\u1ed1t g\u1ed7, ph\u1ebf li\u1ec7u kim lo\u1ea1i sau \u0111\u1ed1t.<\/p>\n<\/li>\n<li>\n<p data-path-to-node=\"10,1,0\"><b data-path-to-node=\"10,1,0\" data-index-in-node=\"0\">N\u0103ng l\u01b0\u1ee3ng &amp; Nhi\u1ec7t \u0111i\u1ec7n:<\/b> Tro \u0111\u00e1y t\u1eeb \u0111\u1ed1t than, x\u1ec9 n\u00f3ng ch\u1ea3y.<\/p>\n<\/li>\n<li>\n<p data-path-to-node=\"10,2,0\"><b data-path-to-node=\"10,2,0\" data-index-in-node=\"0\">C\u00f4ng nghi\u1ec7p t\u00e1i ch\u1ebf:<\/b> V\u1eadn chuy\u1ec3n c\u00e1c v\u1eadt li\u1ec7u c\u00f3 \u0111\u1ed9 \u1ea9m cao ho\u1eb7c ch\u1ee9a h\u00f3a ch\u1ea5t \u0103n m\u00f2n.<\/p>\n<\/li>\n<\/ul>\n<h2 data-path-to-node=\"11\"><strong>4. T\u1ea1i sao n\u00ean ch\u1ecdn h\u1ec7 th\u1ed1ng x\u00edch t\u1ea5m SKS?<\/strong><\/h2>\n<p data-path-to-node=\"12\">Kh\u00e1c v\u1edbi c\u00e1c d\u00f2ng b\u0103ng t\u1ea3i th\u00f4ng th\u01b0\u1eddng, x\u00edch t\u1ea5m SKS \u0111\u01b0\u1ee3c thi\u1ebft k\u1ebf \u0111\u1ec3 ch\u1ecbu \u0111\u01b0\u1ee3c c\u00e1c \u0111i\u1ec1u ki\u1ec7n va \u0111\u1eadp m\u1ea1nh t\u1eeb kim lo\u1ea1i v\u00e0 x\u1ec9 l\u1edbn. S\u1ef1 k\u1ebft h\u1ee3p gi\u1eefa <b data-path-to-node=\"12\" data-index-in-node=\"146\">v\u1ecf k\u00edn n\u01b0\u1edbc<\/b> v\u00e0 <b data-path-to-node=\"12\" data-index-in-node=\"161\">m\u1eaft x\u00edch ch\u1ecbu m\u00f2n<\/b> t\u1ea1o n\u00ean m\u1ed9t h\u1ec7 th\u1ed1ng kh\u00e9p k\u00edn, s\u1ea1ch s\u1ebd v\u00e0 an to\u00e0n cho c\u00e1c trung t\u00e2m x\u1eed l\u00fd r\u00e1c th\u1ea3i hi\u1ec7n \u0111\u1ea1i.<\/p>\n","protected":false},"excerpt":{"rendered":"<p>B\u0103ng T\u1ea3i X\u00edch T\u1ea5m SKS: Gi\u1ea3i Ph\u00e1p V\u1eadn Chuy\u1ec3n Tro X\u1ec9 Ch\u1ed1ng \u0102n M\u00f2n 1. T\u1ed5ng quan s\u1ea3n ph\u1ea9m B\u0103ng t\u1ea3i x\u00edch t\u1ea5m SKS l\u00e0 d\u00f2ng thi\u1ebft b\u1ecb chuy\u00ean d\u1ee5ng \u0111\u01b0\u1ee3c thi\u1ebft k\u1ebf v\u1edbi th\u00e2n v\u1ecf k\u00edn n\u01b0\u1edbc, gi\u1ea3i ph\u00e1p t\u1ed1i \u01b0u cho vi\u1ec7c v\u1eadn chuy\u1ec3n tro x\u1ec9 t\u1ea1i c\u00e1c trung t\u00e2m x\u1eed l\u00fd r\u00e1c&#8230;<\/p>\n","protected":false},"featured_media":1043,"comment_status":"open","ping_status":"closed","template":"","meta":[],"product_brand":[],"product_cat":[297,292],"product_tag":[],"class_list":{"0":"post-655","1":"product","2":"type-product","3":"status-publish","4":"has-post-thumbnail","6":"product_cat-bang-tai","7":"product_cat-showa-kikai","9":"first","10":"instock","11":"shipping-taxable","12":"product-type-simple"},"_links":{"self":[{"href":"https:\/\/xtech-eng.com\/index.php?rest_route=\/wp\/v2\/product\/655","targetHints":{"allow":["GET"]}}],"collection":[{"href":"https:\/\/xtech-eng.com\/index.php?rest_route=\/wp\/v2\/product"}],"about":[{"href":"https:\/\/xtech-eng.com\/index.php?rest_route=\/wp\/v2\/types\/product"}],"replies":[{"embeddable":true,"href":"https:\/\/xtech-eng.com\/index.php?rest_route=%2Fwp%2Fv2%2Fcomments&post=655"}],"wp:featuredmedia":[{"embeddable":true,"href":"https:\/\/xtech-eng.com\/index.php?rest_route=\/wp\/v2\/media\/1043"}],"wp:attachment":[{"href":"https:\/\/xtech-eng.com\/index.php?rest_route=%2Fwp%2Fv2%2Fmedia&parent=655"}],"wp:term":[{"taxonomy":"product_brand","embeddable":true,"href":"https:\/\/xtech-eng.com\/index.php?rest_route=%2Fwp%2Fv2%2Fproduct_brand&post=655"},{"taxonomy":"product_cat","embeddable":true,"href":"https:\/\/xtech-eng.com\/index.php?rest_route=%2Fwp%2Fv2%2Fproduct_cat&post=655"},{"taxonomy":"product_tag","embeddable":true,"href":"https:\/\/xtech-eng.com\/index.php?rest_route=%2Fwp%2Fv2%2Fproduct_tag&post=655"}],"curies":[{"name":"wp","href":"https:\/\/api.w.org\/{rel}","templated":true}]}}