{"id":683,"date":"2025-10-29T15:37:35","date_gmt":"2025-10-29T15:37:35","guid":{"rendered":"https:\/\/xtech-eng.com\/?post_type=product&#038;p=683"},"modified":"2025-12-28T11:21:15","modified_gmt":"2025-12-28T11:21:15","slug":"thiet-bi-van-chuyen-dat-cat-showa-kikai","status":"publish","type":"product","link":"https:\/\/xtech-eng.com\/?product=thiet-bi-van-chuyen-dat-cat-showa-kikai","title":{"rendered":"Showa Kikai_Thi\u1ebft b\u1ecb v\u1eadn chuy\u1ec3n \u0111\u1ea5t c\u00e1t"},"content":{"rendered":"<h1 data-path-to-node=\"3\"><strong>H\u1ec7 Th\u1ed1ng T\u1ea3i Li\u1ec7u \u0110\u1ee9ng SKS: Gi\u1ea3i Ph\u00e1p V\u1eadn Chuy\u1ec3n An To\u00e0n &amp; Ti\u1ebft Ki\u1ec7m Kh\u00f4ng Gian<\/strong><\/h1>\n<h2 data-path-to-node=\"4\"><strong>1. T\u1ed5ng quan s\u1ea3n ph\u1ea9m<\/strong><\/h2>\n<p data-path-to-node=\"5\">H\u1ec7 th\u1ed1ng t\u1ea3i li\u1ec7u \u0111\u1ee9ng c\u1ee7a ch\u00fang t\u00f4i l\u00e0 gi\u1ea3i ph\u00e1p t\u1ed1i \u01b0u cho vi\u1ec7c v\u1eadn chuy\u1ec3n c\u00e1c lo\u1ea1i v\u1eadt li\u1ec7u r\u1eddi theo ph\u01b0\u01a1ng th\u1eb3ng \u0111\u1ee9ng. V\u1edbi h\u01a1n <b data-path-to-node=\"5\" data-index-in-node=\"131\">40 n\u0103m kinh nghi\u1ec7m<\/b> trong l\u0129nh v\u1ef1c thi\u1ebft k\u1ebf v\u00e0 ch\u1ebf t\u1ea1o h\u1ec7 th\u1ed1ng v\u1eadn chuy\u1ec3n c\u00f4ng nghi\u1ec7p, ch\u00fang t\u00f4i mang \u0111\u1ebfn m\u1ed9t thi\u1ebft b\u1ecb kh\u00f4ng ch\u1ec9 m\u1ea1nh m\u1ebd v\u1ec1 c\u00f4ng su\u1ea5t m\u00e0 c\u00f2n \u0111\u1ea1t ti\u00eau chu\u1ea9n cao nh\u1ea5t v\u1ec1 \u0111\u1ed9 an to\u00e0n v\u00e0 ti\u1ebft ki\u1ec7m di\u1ec7n t\u00edch.<\/p>\n<p data-path-to-node=\"6\">[Image: Vertical conveyor system for industrial dust and ash handling]\n<h2 data-path-to-node=\"7\"><strong>2. \u01afu \u0111i\u1ec3m v\u01b0\u1ee3t tr\u1ed9i c\u1ee7a H\u1ec7 th\u1ed1ng SKS<\/strong><\/h2>\n<ul data-path-to-node=\"8\">\n<li>\n<p data-path-to-node=\"8,0,0\"><b data-path-to-node=\"8,0,0\" data-index-in-node=\"0\">T\u1ed1i \u01b0u h\u00f3a kh\u00f4ng gian l\u1eafp \u0111\u1eb7t:<\/b> V\u1edbi c\u1ea5u tr\u00fac nh\u1ecf g\u1ecdn v\u00e0 thi\u1ebft k\u1ebf th\u00f4ng minh, thi\u1ebft b\u1ecb chi\u1ebfm r\u1ea5t \u00edt di\u1ec7n t\u00edch m\u1eb7t s\u00e0n, c\u1ef1c k\u1ef3 ph\u00f9 h\u1ee3p cho c\u00e1c nh\u00e0 m\u00e1y c\u00f3 kh\u00f4ng gian h\u1ea1n ch\u1ebf.<\/p>\n<\/li>\n<li>\n<p data-path-to-node=\"8,1,0\"><b data-path-to-node=\"8,1,0\" data-index-in-node=\"0\">\u0110\u1ed9 an to\u00e0n tuy\u1ec7t \u0111\u1ed1i:<\/b> Thi\u1ebft k\u1ebf <b data-path-to-node=\"8,1,0\" data-index-in-node=\"31\">k\u00edn ho\u00e0n to\u00e0n (Fully Enclosed)<\/b> gi\u00fap ng\u0103n ch\u1eb7n tri\u1ec7t \u0111\u1ec3 t\u00ecnh tr\u1ea1ng r\u01a1i v\u00e3i v\u1eadt li\u1ec7u ra ngo\u00e0i. To\u00e0n b\u1ed9 c\u00e1c b\u1ed9 ph\u1eadn chuy\u1ec3n \u0111\u1ed9ng \u0111\u01b0\u1ee3c che ch\u1eafn k\u1ef9 l\u01b0\u1ee1ng, b\u1ea3o v\u1ec7 an to\u00e0n t\u1ed1i \u0111a cho ng\u01b0\u1eddi v\u1eadn h\u00e0nh.<\/p>\n<\/li>\n<li>\n<p data-path-to-node=\"8,2,0\"><b data-path-to-node=\"8,2,0\" data-index-in-node=\"0\">B\u1ea3o v\u1ec7 m\u00f4i tr\u01b0\u1eddng:<\/b> Nh\u1edd c\u1ea5u tr\u00fac k\u00edn, h\u1ec7 th\u1ed1ng ng\u0103n b\u1ee5i ph\u00e1t t\u00e1n, \u0111\u1eb7c bi\u1ec7t hi\u1ec7u qu\u1ea3 khi v\u1eadn chuy\u1ec3n c\u00e1c lo\u1ea1i b\u1ee5i m\u1ecbn v\u00e0 tro.<\/p>\n<\/li>\n<li>\n<p data-path-to-node=\"8,3,0\"><b data-path-to-node=\"8,3,0\" data-index-in-node=\"0\">D\u1ec5 d\u00e0ng b\u1ea3o tr\u00ec &amp; S\u1eeda ch\u1eefa:<\/b> C\u1ea5u tr\u00fac \u0111\u01a1n gi\u1ea3n, \u01b0u ti\u00ean t\u00ednh t\u01b0\u01a1ng th\u00edch gi\u1eefa c\u00e1c linh ki\u1ec7n, gi\u00fap vi\u1ec7c thay th\u1ebf ph\u1ee5 t\u00f9ng di\u1ec5n ra nhanh ch\u00f3ng, gi\u1ea3m thi\u1ec3u t\u1ed1i \u0111a th\u1eddi gian d\u1eebng m\u00e1y.<\/p>\n<\/li>\n<li>\n<p data-path-to-node=\"8,4,0\"><b data-path-to-node=\"8,4,0\" data-index-in-node=\"0\">\u0110\u1ed9 tin c\u1eady v\u1eefng ch\u1eafc:<\/b> S\u1ea3n ph\u1ea9m l\u00e0 k\u1ebft tinh c\u1ee7a 4 th\u1eadp k\u1ef7 v\u1eadn h\u00e0nh th\u1ef1c t\u1ebf, \u0111\u1ea3m b\u1ea3o t\u00ednh \u1ed5n \u0111\u1ecbnh b\u1ec1n b\u1ec9 trong m\u1ecdi \u0111i\u1ec1u ki\u1ec7n c\u00f4ng nghi\u1ec7p n\u1eb7ng.<\/p>\n<\/li>\n<\/ul>\n<h2 data-path-to-node=\"9\"><strong>3. \u1ee8ng d\u1ee5ng ti\u00eau bi\u1ec3u<\/strong><\/h2>\n<p data-path-to-node=\"10\">H\u1ec7 th\u1ed1ng \u0111\u01b0\u1ee3c tin d\u00f9ng trong c\u00e1c ng\u00e0nh c\u00f4ng nghi\u1ec7p n\u1eb7ng \u0111\u1ec3 v\u1eadn chuy\u1ec3n:<\/p>\n<ul data-path-to-node=\"11\">\n<li>\n<p data-path-to-node=\"11,0,0\"><b data-path-to-node=\"11,0,0\" data-index-in-node=\"0\">X\u1eed l\u00fd m\u00f4i tr\u01b0\u1eddng:<\/b> Tro t\u1eeb l\u00f2 \u0111\u1ed1t r\u00e1c \u0111\u00f4 th\u1ecb, b\u1ee5i thu gom t\u1eeb h\u1ec7 th\u1ed1ng l\u1ecdc b\u1ee5i t\u0129nh \u0111i\u1ec7n (EP) v\u00e0 l\u1ecdc b\u1ee5i \u0111a l\u1ed1c xo\u00e1y (MC).<\/p>\n<\/li>\n<li>\n<p data-path-to-node=\"11,1,0\"><b data-path-to-node=\"11,1,0\" data-index-in-node=\"0\">N\u0103ng l\u01b0\u1ee3ng:<\/b> B\u1ed9t than \u0111\u00e1, tro bay t\u1eeb nh\u00e0 m\u00e1y nhi\u1ec7t \u0111i\u1ec7n.<\/p>\n<\/li>\n<li>\n<p data-path-to-node=\"11,2,0\"><b data-path-to-node=\"11,2,0\" data-index-in-node=\"0\">V\u1eadt li\u1ec7u x\u00e2y d\u1ef1ng:<\/b> Xi m\u0103ng, \u0111\u00e1 v\u00f4i v\u00e0 c\u00e1c lo\u1ea1i kho\u00e1ng s\u1ea3n d\u1ea1ng b\u1ed9t.<\/p>\n<\/li>\n<\/ul>\n<h2 data-path-to-node=\"12\"><strong>4. Th\u00f4ng s\u1ed1 v\u1eadn chuy\u1ec3n ti\u00eau chu\u1ea9n<\/strong><\/h2>\n<p data-path-to-node=\"13\">B\u1ea3ng c\u00f4ng su\u1ea5t d\u01b0\u1edbi \u0111\u00e2y \u0111\u01b0\u1ee3c t\u00ednh to\u00e1n d\u1ef1a tr\u00ean \u0111i\u1ec1u ki\u1ec7n ti\u00eau chu\u1ea9n: <b data-path-to-node=\"13\" data-index-in-node=\"70\">Chi\u1ec1u cao n\u00e2ng 30m<\/b> v\u00e0 <b data-path-to-node=\"13\" data-index-in-node=\"92\">T\u1ed1c \u0111\u1ed9 v\u1eadn chuy\u1ec3n 12m\/ph\u00fat<\/b>.<\/p>\n<div class=\"horizontal-scroll-wrapper\">\n<div class=\"table-block-component\">\n<div class=\"table-block has-export-button\">\n<div class=\"table-content not-end-of-paragraph\" data-hveid=\"0\" data-ved=\"0CAAQ3ecQahgKEwjniaqggNuRAxUAAAAAHQAAAAAQ-gc\">\n<table data-path-to-node=\"14\">\n<thead>\n<tr>\n<td><span data-path-to-node=\"14,0,0,0\">Lo\u1ea1i v\u1eadt li\u1ec7u<\/span><\/td>\n<td><span data-path-to-node=\"14,0,1,0\">C\u00f4ng su\u1ea5t v\u1eadn chuy\u1ec3n (T\u1ea5n\/gi\u1edd)<\/span><\/td>\n<td><span data-path-to-node=\"14,0,2,0\">Ghi ch\u00fa<\/span><\/td>\n<\/tr>\n<\/thead>\n<tbody>\n<tr>\n<td><span data-path-to-node=\"14,1,0,0\"><b data-path-to-node=\"14,1,0,0\" data-index-in-node=\"0\">Tro\/B\u1ee5i m\u1ecbn<\/b><\/span><\/td>\n<td><span data-path-to-node=\"14,1,1,0\"><i data-path-to-node=\"14,1,1,0\" data-index-in-node=\"0\">Vui l\u00f2ng li\u00ean h\u1ec7<\/i><\/span><\/td>\n<td><span data-path-to-node=\"14,1,2,0\">T\u00f9y v\u00e0o m\u1eadt \u0111\u1ed9 v\u1eadt li\u1ec7u<\/span><\/td>\n<\/tr>\n<tr>\n<td><span data-path-to-node=\"14,2,0,0\"><b data-path-to-node=\"14,2,0,0\" data-index-in-node=\"0\">Xi m\u0103ng\/\u0110\u00e1 v\u00f4i<\/b><\/span><\/td>\n<td><span data-path-to-node=\"14,2,1,0\"><i data-path-to-node=\"14,2,1,0\" data-index-in-node=\"0\">Vui l\u00f2ng li\u00ean h\u1ec7<\/i><\/span><\/td>\n<td><span data-path-to-node=\"14,2,2,0\">T\u00f9y v\u00e0o \u0111\u1ed9 \u1ea9m<\/span><\/td>\n<\/tr>\n<\/tbody>\n<\/table>\n<\/div>\n<div class=\"table-footer hide-from-message-actions ng-star-inserted\"><button class=\"mdc-button mat-mdc-button-base export-sheets-button-container mat-mdc-button mat-unthemed ng-star-inserted\"><span class=\"mdc-button__label\"><span class=\"export-sheets-button\">Xu\u1ea5t sang Trang t\u00ednh<\/span><\/span><\/button><button class=\"mdc-icon-button mat-mdc-icon-button mat-mdc-button-base mat-mdc-tooltip-trigger copy-button mat-unthemed ng-star-inserted\" aria-label=\"Sao che\u0301p ba\u0309ng\" data-test-id=\"copy-table-button\"><\/button><\/div>\n<\/div>\n<\/div>\n<\/div>\n<blockquote data-path-to-node=\"15\">\n<p data-path-to-node=\"15,0\"><b data-path-to-node=\"15,0\" data-index-in-node=\"0\">L\u01b0u \u00fd k\u1ef9 thu\u1eadt:<\/b> C\u00f4ng su\u1ea5t th\u1ef1c t\u1ebf c\u00f3 th\u1ec3 thay \u0111\u1ed5i t\u00f9y thu\u1ed9c v\u00e0o chi\u1ec1u cao n\u00e2ng c\u1ee5 th\u1ec3 v\u00e0 \u0111\u1eb7c t\u00ednh v\u1eadt l\u00fd (\u0111\u1ed9 \u1ea9m, k\u00edch th\u01b0\u1edbc h\u1ea1t) c\u1ee7a v\u1eadt li\u1ec7u.<\/p>\n<\/blockquote>\n","protected":false},"excerpt":{"rendered":"<p>H\u1ec7 Th\u1ed1ng T\u1ea3i Li\u1ec7u \u0110\u1ee9ng SKS: Gi\u1ea3i Ph\u00e1p V\u1eadn Chuy\u1ec3n An To\u00e0n &amp; Ti\u1ebft Ki\u1ec7m Kh\u00f4ng Gian 1. T\u1ed5ng quan s\u1ea3n ph\u1ea9m H\u1ec7 th\u1ed1ng t\u1ea3i li\u1ec7u \u0111\u1ee9ng c\u1ee7a ch\u00fang t\u00f4i l\u00e0 gi\u1ea3i ph\u00e1p t\u1ed1i \u01b0u cho vi\u1ec7c v\u1eadn chuy\u1ec3n c\u00e1c lo\u1ea1i v\u1eadt li\u1ec7u r\u1eddi theo ph\u01b0\u01a1ng th\u1eb3ng \u0111\u1ee9ng. V\u1edbi h\u01a1n 40 n\u0103m kinh nghi\u1ec7m trong&#8230;<\/p>\n","protected":false},"featured_media":684,"comment_status":"open","ping_status":"closed","template":"","meta":[],"product_brand":[],"product_cat":[297,292],"product_tag":[],"class_list":{"0":"post-683","1":"product","2":"type-product","3":"status-publish","4":"has-post-thumbnail","6":"product_cat-bang-tai","7":"product_cat-showa-kikai","9":"first","10":"instock","11":"shipping-taxable","12":"product-type-simple"},"_links":{"self":[{"href":"https:\/\/xtech-eng.com\/index.php?rest_route=\/wp\/v2\/product\/683","targetHints":{"allow":["GET"]}}],"collection":[{"href":"https:\/\/xtech-eng.com\/index.php?rest_route=\/wp\/v2\/product"}],"about":[{"href":"https:\/\/xtech-eng.com\/index.php?rest_route=\/wp\/v2\/types\/product"}],"replies":[{"embeddable":true,"href":"https:\/\/xtech-eng.com\/index.php?rest_route=%2Fwp%2Fv2%2Fcomments&post=683"}],"wp:featuredmedia":[{"embeddable":true,"href":"https:\/\/xtech-eng.com\/index.php?rest_route=\/wp\/v2\/media\/684"}],"wp:attachment":[{"href":"https:\/\/xtech-eng.com\/index.php?rest_route=%2Fwp%2Fv2%2Fmedia&parent=683"}],"wp:term":[{"taxonomy":"product_brand","embeddable":true,"href":"https:\/\/xtech-eng.com\/index.php?rest_route=%2Fwp%2Fv2%2Fproduct_brand&post=683"},{"taxonomy":"product_cat","embeddable":true,"href":"https:\/\/xtech-eng.com\/index.php?rest_route=%2Fwp%2Fv2%2Fproduct_cat&post=683"},{"taxonomy":"product_tag","embeddable":true,"href":"https:\/\/xtech-eng.com\/index.php?rest_route=%2Fwp%2Fv2%2Fproduct_tag&post=683"}],"curies":[{"name":"wp","href":"https:\/\/api.w.org\/{rel}","templated":true}]}}