{"id":776,"date":"2025-10-30T07:49:26","date_gmt":"2025-10-30T07:49:26","guid":{"rendered":"https:\/\/xtech-eng.com\/?post_type=product&#038;p=776"},"modified":"2025-12-30T07:11:34","modified_gmt":"2025-12-30T07:11:34","slug":"xich-cau-nam-cham-showa-kikai","status":"publish","type":"product","link":"https:\/\/xtech-eng.com\/?product=xich-cau-nam-cham-showa-kikai","title":{"rendered":"Showa Kikai_X\u00edch c\u1ea9u nam ch\u00e2m"},"content":{"rendered":"<p>&#8220;X\u00edch c\u1ea9u nam ch\u00e2m&#8221; l\u00e0 m\u1ed9t ph\u1ea7n c\u1ee7a h\u1ec7 th\u1ed1ng x\u00edch c\u1ea9u, th\u01b0\u1eddng \u0111\u01b0\u1ee3c s\u1eed d\u1ee5ng k\u1ebft h\u1ee3p v\u1edbi c\u00e1c linh ki\u1ec7n kh\u00e1c nh\u01b0 m\u00f3c, v\u00f2ng v\u00e0 c\u00e1c ph\u1ee5 ki\u1ec7n x\u00edch \u0111\u1ec3 t\u1ea1o th\u00e0nh m\u1ed9t gi\u1ea3i ph\u00e1p n\u00e2ng t\u1ea3i tr\u1ecdng n\u1eb7ng trong c\u00e1c ng\u00e0nh c\u00f4ng nghi\u1ec7p. C\u00e1c li\u00ean k\u1ebft ch\u00ednh n\u00e0y \u0111\u01b0\u1ee3c thi\u1ebft k\u1ebf \u0111\u1ec3 ch\u1ecbu t\u1ea3i tr\u1ecdng cao, \u0111\u1ed9 b\u1ec1n cao v\u00e0 \u1ed5n \u0111\u1ecbnh trong c\u00e1c \u0111i\u1ec1u ki\u1ec7n l\u00e0m vi\u1ec7c kh\u1eafc nghi\u1ec7t, nh\u01b0 trong ng\u00e0nh x\u00e2y d\u1ef1ng, th\u00e9p v\u00e0 \u0111\u00f3ng t\u00e0u\u200b.<\/p>\n<p>1. Main Link LMO<\/p>\n<p><img loading=\"lazy\" decoding=\"async\" src=\"https:\/\/cdn3855.cdn4s7.io.vn\/media\/s%E1%BA%A3n%20ph%E1%BA%A9m\/main-link-lmo\/125-11.gif\" alt=\"\" width=\"120\" height=\"108\" \/><\/p>\n<p><img loading=\"lazy\" decoding=\"async\" src=\"https:\/\/cdn3855.cdn4s7.io.vn\/media\/s%E1%BA%A3n%20ph%E1%BA%A9m\/main-link-lmo\/xichcau_01.jpg\" alt=\"\" width=\"1131\" height=\"827\" \/><\/p>\n<p>2. Common Link<\/p>\n<p>LM4(P=4d a=1.6d)<\/p>\n<p><img loading=\"lazy\" decoding=\"async\" src=\"https:\/\/cdn3855.cdn4s7.io.vn\/media\/s%E1%BA%A3n%20ph%E1%BA%A9m\/main-link-lmo\/125-21.gif\" alt=\"\" width=\"150\" height=\"128\" \/><\/p>\n<p><img loading=\"lazy\" decoding=\"async\" src=\"https:\/\/cdn3855.cdn4s7.io.vn\/media\/s%E1%BA%A3n%20ph%E1%BA%A9m\/main-link-lmo\/xichcau_02.jpg\" alt=\"\" width=\"1131\" height=\"1085\" \/><\/p>\n<p>LM5(P=5d a=2.2d)<\/p>\n<p><img loading=\"lazy\" decoding=\"async\" src=\"https:\/\/cdn3855.cdn4s7.io.vn\/media\/s%E1%BA%A3n%20ph%E1%BA%A9m\/main-link-lmo\/xichcau_03.jpg\" alt=\"\" width=\"1131\" height=\"1084\" \/><\/p>\n<p>3. 1 Khuy\u00ean 2 S\u1ee3i<\/p>\n<p><img loading=\"lazy\" decoding=\"async\" src=\"https:\/\/cdn3855.cdn4s7.io.vn\/media\/s%E1%BA%A3n%20ph%E1%BA%A9m\/main-link-lmo\/125-22.gif\" alt=\"\" width=\"150\" height=\"180\" \/><\/p>\n<p><img loading=\"lazy\" decoding=\"async\" src=\"https:\/\/cdn3855.cdn4s7.io.vn\/media\/s%E1%BA%A3n%20ph%E1%BA%A9m\/main-link-lmo\/xichcau_04.jpg\" alt=\"\" width=\"1238\" height=\"548\" \/><\/p>\n<p>4. 1 Khuy\u00ean 3 S\u1ee3i<\/p>\n<p><img loading=\"lazy\" decoding=\"async\" src=\"https:\/\/cdn3855.cdn4s7.io.vn\/media\/s%E1%BA%A3n%20ph%E1%BA%A9m\/main-link-lmo\/125-23.gif\" alt=\"\" width=\"150\" height=\"176\" \/><\/p>\n<p><img loading=\"lazy\" decoding=\"async\" src=\"https:\/\/cdn3855.cdn4s7.io.vn\/media\/s%E1%BA%A3n%20ph%E1%BA%A9m\/main-link-lmo\/xichcau_05.jpg\" alt=\"\" width=\"1270\" height=\"647\" \/><\/p>\n<p>5. 1 Khuy\u00ean 4 S\u1ee3i<\/p>\n<p><img loading=\"lazy\" decoding=\"async\" src=\"https:\/\/cdn3855.cdn4s7.io.vn\/media\/s%E1%BA%A3n%20ph%E1%BA%A9m\/main-link-lmo\/125-32.gif\" alt=\"\" width=\"150\" height=\"175\" \/><\/p>\n<p><img loading=\"lazy\" decoding=\"async\" src=\"https:\/\/cdn3855.cdn4s7.io.vn\/media\/s%E1%BA%A3n%20ph%E1%BA%A9m\/main-link-lmo\/xichcau_06.jpg\" alt=\"\" width=\"1516\" height=\"635\" \/><\/p>\n","protected":false},"excerpt":{"rendered":"<p>&#8220;X\u00edch c\u1ea9u nam ch\u00e2m&#8221; l\u00e0 m\u1ed9t ph\u1ea7n c\u1ee7a h\u1ec7 th\u1ed1ng x\u00edch c\u1ea9u, th\u01b0\u1eddng \u0111\u01b0\u1ee3c s\u1eed d\u1ee5ng k\u1ebft h\u1ee3p v\u1edbi c\u00e1c linh ki\u1ec7n kh\u00e1c nh\u01b0 m\u00f3c, v\u00f2ng v\u00e0 c\u00e1c ph\u1ee5 ki\u1ec7n x\u00edch \u0111\u1ec3 t\u1ea1o th\u00e0nh m\u1ed9t gi\u1ea3i ph\u00e1p n\u00e2ng t\u1ea3i tr\u1ecdng n\u1eb7ng trong c\u00e1c ng\u00e0nh c\u00f4ng nghi\u1ec7p. C\u00e1c li\u00ean k\u1ebft ch\u00ednh n\u00e0y \u0111\u01b0\u1ee3c thi\u1ebft k\u1ebf \u0111\u1ec3&#8230;<\/p>\n","protected":false},"featured_media":1091,"comment_status":"open","ping_status":"closed","template":"","meta":[],"product_brand":[],"product_cat":[328,292],"product_tag":[],"class_list":{"0":"post-776","1":"product","2":"type-product","3":"status-publish","4":"has-post-thumbnail","6":"product_cat-day-xich-cau","7":"product_cat-showa-kikai","9":"first","10":"instock","11":"shipping-taxable","12":"product-type-simple"},"_links":{"self":[{"href":"https:\/\/xtech-eng.com\/index.php?rest_route=\/wp\/v2\/product\/776","targetHints":{"allow":["GET"]}}],"collection":[{"href":"https:\/\/xtech-eng.com\/index.php?rest_route=\/wp\/v2\/product"}],"about":[{"href":"https:\/\/xtech-eng.com\/index.php?rest_route=\/wp\/v2\/types\/product"}],"replies":[{"embeddable":true,"href":"https:\/\/xtech-eng.com\/index.php?rest_route=%2Fwp%2Fv2%2Fcomments&post=776"}],"wp:featuredmedia":[{"embeddable":true,"href":"https:\/\/xtech-eng.com\/index.php?rest_route=\/wp\/v2\/media\/1091"}],"wp:attachment":[{"href":"https:\/\/xtech-eng.com\/index.php?rest_route=%2Fwp%2Fv2%2Fmedia&parent=776"}],"wp:term":[{"taxonomy":"product_brand","embeddable":true,"href":"https:\/\/xtech-eng.com\/index.php?rest_route=%2Fwp%2Fv2%2Fproduct_brand&post=776"},{"taxonomy":"product_cat","embeddable":true,"href":"https:\/\/xtech-eng.com\/index.php?rest_route=%2Fwp%2Fv2%2Fproduct_cat&post=776"},{"taxonomy":"product_tag","embeddable":true,"href":"https:\/\/xtech-eng.com\/index.php?rest_route=%2Fwp%2Fv2%2Fproduct_tag&post=776"}],"curies":[{"name":"wp","href":"https:\/\/api.w.org\/{rel}","templated":true}]}}